CRAN Package Check Results for Package simba

Last updated on 2020-09-20 00:47:25 CEST.

Flavor Version Tinstall Tcheck Ttotal Status Flags
r-devel-linux-x86_64-debian-clang 0.3-5 11.74 114.68 126.42 OK
r-devel-linux-x86_64-debian-gcc 0.3-5 10.29 86.72 97.01 OK
r-devel-linux-x86_64-fedora-clang 0.3-5 162.97 NOTE
r-devel-linux-x86_64-fedora-gcc 0.3-5 155.03 OK
r-devel-windows-ix86+x86_64 0.3-5 24.00 114.00 138.00 OK
r-patched-linux-x86_64 0.3-5 12.90 112.65 125.55 OK
r-patched-solaris-x86 0.3-5 204.10 OK
r-release-linux-x86_64 0.3-5 11.14 114.16 125.30 OK
r-release-macos-x86_64 0.3-5 OK
r-release-windows-ix86+x86_64 0.3-5 24.00 107.00 131.00 OK
r-oldrel-macos-x86_64 0.3-5 FAIL
r-oldrel-windows-ix86+x86_64 0.3-5 14.00 136.00 150.00 OK

Check Details

Version: 0.3-5
Check: Rd cross-references
Result: NOTE
    Undeclared packages ‘ade4’, ‘labdsv’, ‘sp’ in Rd xrefs
Flavor: r-devel-linux-x86_64-fedora-clang

Version: 0.3-5
Check: examples
Result: FAIL
Flavor: r-oldrel-macos-x86_64