Last updated on 2023-12-04 13:51:04 CET.
Flavor | Version | Tinstall | Tcheck | Ttotal | Status | Flags |
---|---|---|---|---|---|---|
r-devel-linux-x86_64-debian-clang | 0.1.2 | 66.54 | 35.67 | 102.21 | OK | |
r-devel-linux-x86_64-debian-gcc | 0.1.2 | 41.41 | 28.13 | 69.54 | OK | |
r-devel-linux-x86_64-fedora-clang | 0.1.2 | 162.19 | OK | |||
r-devel-linux-x86_64-fedora-gcc | 0.1.2 | 166.23 | OK | |||
r-devel-windows-x86_64 | 0.1.2 | 49.00 | 72.00 | 121.00 | OK | |
r-patched-linux-x86_64 | 0.1.1 | 47.85 | 35.67 | 83.52 | NOTE | |
r-release-linux-x86_64 | 0.1.2 | 51.42 | 35.18 | 86.60 | OK | |
r-release-macos-arm64 | 0.1.2 | 58.00 | OK | |||
r-release-macos-x86_64 | 0.1.2 | 102.00 | OK | |||
r-release-windows-x86_64 | 0.1.2 | 62.00 | 79.00 | 141.00 | OK | |
r-oldrel-macos-arm64 | 0.1.2 | 42.00 | OK | |||
r-oldrel-macos-x86_64 | 0.1.1 | 48.00 | OK | |||
r-oldrel-windows-x86_64 | 0.1.2 | 46.00 | 79.00 | 125.00 | OK |
Version: 0.1.1
Check: C++ specification
Result: NOTE
Specified C++11: please drop specification unless essential
Flavor: r-patched-linux-x86_64