CRAN Package Check Results for Package simfinR

Last updated on 2021-10-24 22:50:36 CEST.

Flavor Version Tinstall Tcheck Ttotal Status Flags
r-devel-linux-x86_64-debian-clang 0.2.3 2.15 24.87 27.02 OK
r-devel-linux-x86_64-debian-gcc 0.2.3 1.84 18.95 20.79 OK
r-devel-linux-x86_64-fedora-clang 0.2.3 43.17 NOTE
r-devel-linux-x86_64-fedora-gcc 0.2.3 32.24 NOTE
r-devel-windows-x86_64 0.2.3 5.00 34.00 39.00 OK
r-devel-windows-x86_64-gcc10-UCRT 0.2.3 NOTE
r-patched-linux-x86_64 0.2.3 2.19 23.31 25.50 OK
r-patched-solaris-x86 0.2.3 50.90 NOTE
r-release-linux-x86_64 0.2.3 2.23 23.49 25.72 OK
r-release-macos-arm64 0.2.3 NOTE
r-release-macos-x86_64 0.2.3 NOTE
r-release-windows-ix86+x86_64 0.2.3 4.00 43.00 47.00 OK
r-oldrel-macos-x86_64 0.2.3 NOTE
r-oldrel-windows-ix86+x86_64 0.2.3 6.00 40.00 46.00 OK

Check Details

Version: 0.2.3
Check: dependencies in R code
Result: NOTE
    Namespace in Imports field not imported from: ‘digest’
     All declared Imports should be used.
Flavors: r-devel-linux-x86_64-fedora-clang, r-devel-linux-x86_64-fedora-gcc, r-devel-windows-x86_64-gcc10-UCRT, r-patched-solaris-x86, r-release-macos-arm64, r-release-macos-x86_64, r-oldrel-macos-x86_64