CRAN Package Check Results for Package simfinapi

Last updated on 2021-02-25 08:48:11 CET.

Flavor Version Tinstall Tcheck Ttotal Status Flags
r-devel-linux-x86_64-debian-clang 0.1.0 3.54 40.58 44.12 OK
r-devel-linux-x86_64-debian-gcc 0.1.0 2.97 30.86 33.83 OK
r-devel-linux-x86_64-fedora-clang 0.1.0 65.02 OK
r-devel-linux-x86_64-fedora-gcc 0.1.0 54.66 OK
r-devel-windows-ix86+x86_64 0.1.0 8.00 45.00 53.00 OK
r-patched-linux-x86_64 0.1.0 3.76 38.61 42.37 OK
r-release-linux-x86_64 0.1.0 3.85 38.46 42.31 OK
r-release-macos-x86_64 0.1.0 OK
r-release-windows-ix86+x86_64 0.1.0 7.00 50.00 57.00 OK
r-oldrel-macos-x86_64 0.1.0 ERROR
r-oldrel-windows-ix86+x86_64 0.1.0 0.00 7.00 7.00 ERROR

Check Details

Version: 0.1.0
Check: package dependencies
Result: ERROR
    Package required and available but unsuitable version: ‘RcppSimdJson’
    
    See section ‘The DESCRIPTION file’ in the ‘Writing R Extensions’
    manual.
Flavor: r-oldrel-macos-x86_64

Version: 0.1.0
Check: package dependencies
Result: ERROR
    Package required but not available: 'RcppSimdJson'
    
    See section 'The DESCRIPTION file' in the 'Writing R Extensions'
    manual.
Flavor: r-oldrel-windows-ix86+x86_64