CRAN Package Check Results for Package simgof

Last updated on 2021-09-25 04:57:51 CEST.

Flavor Version Tinstall Tcheck Ttotal Status Flags
r-devel-linux-x86_64-debian-clang 1.0.2 2.21 23.58 25.79 NOTE
r-devel-linux-x86_64-debian-gcc 1.0.2 1.68 18.20 19.88 NOTE
r-devel-linux-x86_64-fedora-clang 1.0.2 40.21 NOTE
r-devel-linux-x86_64-fedora-gcc 1.0.2 29.84 NOTE
r-devel-windows-x86_64 1.0.2 4.00 29.00 33.00 NOTE
r-devel-windows-x86_64-gcc10-UCRT 1.0.2 NOTE
r-patched-linux-x86_64 1.0.2 2.48 22.62 25.10 NOTE
r-patched-solaris-x86 1.0.2 46.50 NOTE
r-release-linux-x86_64 1.0.2 1.99 22.50 24.49 NOTE
r-release-macos-arm64 1.0.2 NOTE
r-release-macos-x86_64 1.0.2 NOTE
r-release-windows-ix86+x86_64 1.0.2 6.00 29.00 35.00 NOTE
r-oldrel-macos-x86_64 1.0.2 OK
r-oldrel-windows-ix86+x86_64 1.0.2 5.00 28.00 33.00 OK

Check Details

Version: 1.0.2
Check: LazyData
Result: NOTE
     'LazyData' is specified without a 'data' directory
Flavors: r-devel-linux-x86_64-debian-clang, r-devel-linux-x86_64-debian-gcc, r-devel-linux-x86_64-fedora-clang, r-devel-linux-x86_64-fedora-gcc, r-devel-windows-x86_64, r-devel-windows-x86_64-gcc10-UCRT, r-patched-linux-x86_64, r-patched-solaris-x86, r-release-linux-x86_64, r-release-macos-arm64, r-release-macos-x86_64, r-release-windows-ix86+x86_64