CRAN Package Check Results for Package simlandr

Last updated on 2021-10-24 21:50:08 CEST.

Flavor Version Tinstall Tcheck Ttotal Status Flags
r-devel-linux-x86_64-debian-clang 0.1.1 6.21 144.89 151.10 OK
r-devel-linux-x86_64-debian-gcc 0.1.1 4.35 96.87 101.22 OK
r-devel-linux-x86_64-fedora-clang 0.1.1 184.39 NOTE
r-devel-linux-x86_64-fedora-gcc 0.1.1 164.80 OK
r-devel-windows-x86_64 0.1.1 9.00 186.00 195.00 NOTE
r-devel-windows-x86_64-gcc10-UCRT 0.1.1 OK
r-patched-linux-x86_64 0.1.1 5.82 136.76 142.58 OK
r-patched-solaris-x86 0.1.1 94.10 NOTE
r-release-linux-x86_64 0.1.1 5.15 137.15 142.30 OK
r-release-macos-arm64 0.1.1 NOTE
r-release-macos-x86_64 0.1.1 NOTE
r-release-windows-ix86+x86_64 0.1.1 9.00 191.00 200.00 NOTE
r-oldrel-macos-x86_64 0.1.1 NOTE
r-oldrel-windows-ix86+x86_64 0.1.1 15.00 183.00 198.00 NOTE

Check Details

Version: 0.1.1
Check: installed package size
Result: NOTE
     installed size is 6.3Mb
     sub-directories of 1Mb or more:
     doc 5.6Mb
Flavors: r-devel-linux-x86_64-fedora-clang, r-devel-windows-x86_64, r-patched-solaris-x86, r-release-macos-arm64, r-release-macos-x86_64, r-release-windows-ix86+x86_64, r-oldrel-macos-x86_64, r-oldrel-windows-ix86+x86_64