CRAN Package Check Results for Package simmer

Last updated on 2018-04-23 08:50:57 CEST.

Flavor Version Tinstall Tcheck Ttotal Status Flags
r-devel-linux-x86_64-debian-clang 3.7.0 76.31 76.41 152.72 OK
r-devel-linux-x86_64-debian-gcc 3.7.0 68.34 68.57 136.91 OK
r-devel-linux-x86_64-fedora-clang 3.7.0 218.86 NOTE
r-devel-linux-x86_64-fedora-gcc 3.7.0 213.59 NOTE
r-devel-windows-ix86+x86_64 3.7.0 231.00 125.00 356.00 OK
r-devel-osx-x86_64 3.7.0 NOTE
r-patched-linux-x86_64 3.7.0 85.21 90.01 175.22 OK
r-patched-solaris-x86 3.7.0 222.70 OK
r-release-linux-x86_64 3.7.0 81.99 99.67 181.66 OK
r-release-windows-ix86+x86_64 3.7.0 244.00 182.00 426.00 OK
r-release-osx-x86_64 3.7.0 NOTE
r-oldrel-windows-ix86+x86_64 3.7.0 220.00 124.00 344.00 OK

Check Details

Version: 3.7.0
Check: installed package size
Result: NOTE
     installed size is 13.6Mb
     sub-directories of 1Mb or more:
     doc 1.8Mb
     libs 11.4Mb
Flavors: r-devel-linux-x86_64-fedora-clang, r-devel-linux-x86_64-fedora-gcc, r-devel-osx-x86_64, r-release-osx-x86_64