CRAN Package Check Results for Package simmer

Last updated on 2018-01-22 10:47:52 CET.

Flavor Version Tinstall Tcheck Ttotal Status Flags
r-devel-linux-x86_64-debian-clang 3.6.5 76.61 79.75 156.36 OK
r-devel-linux-x86_64-debian-gcc 3.6.5 64.28 66.76 131.04 OK
r-devel-linux-x86_64-fedora-clang 3.6.5 213.70 NOTE
r-devel-linux-x86_64-fedora-gcc 3.6.5 209.86 NOTE
r-devel-windows-ix86+x86_64 3.6.5 216.00 131.00 347.00 OK
r-patched-linux-x86_64 3.6.5 80.83 81.38 162.21 OK
r-patched-solaris-x86 3.6.5 215.00 OK
r-release-linux-x86_64 3.6.5 78.39 85.96 164.35 OK
r-release-windows-ix86+x86_64 3.6.5 246.00 168.00 414.00 OK
r-release-osx-x86_64 3.6.5 NOTE
r-oldrel-windows-ix86+x86_64 3.6.5 224.00 116.00 340.00 OK
r-oldrel-osx-x86_64 3.6.5 NOTE

Check Details

Version: 3.6.5
Check: installed package size
Result: NOTE
     installed size is 13.2Mb
     sub-directories of 1Mb or more:
     doc 1.1Mb
     libs 11.8Mb
Flavors: r-devel-linux-x86_64-fedora-clang, r-devel-linux-x86_64-fedora-gcc, r-release-osx-x86_64, r-oldrel-osx-x86_64