CRAN Package Check Results for Package simmer

Last updated on 2018-07-19 05:49:33 CEST.

Flavor Version Tinstall Tcheck Ttotal Status Flags
r-devel-linux-x86_64-debian-clang 3.8.0 71.52 83.86 155.38 OK
r-devel-linux-x86_64-debian-gcc 3.8.0 61.26 76.06 137.32 OK
r-devel-linux-x86_64-fedora-clang 3.8.0 218.33 NOTE
r-devel-linux-x86_64-fedora-gcc 3.8.0 223.54 OK
r-devel-windows-ix86+x86_64 3.8.0 188.00 102.00 290.00 WARN
r-patched-linux-x86_64 3.8.0 76.39 93.66 170.05 OK
r-patched-solaris-x86 3.8.0 214.00 OK
r-release-linux-x86_64 3.8.0 76.58 92.88 169.46 OK
r-release-windows-ix86+x86_64 3.8.0 193.00 133.00 326.00 WARN
r-release-osx-x86_64 3.8.0 NOTE
r-oldrel-windows-ix86+x86_64 3.8.0 189.00 95.00 284.00 WARN
r-oldrel-osx-x86_64 3.8.0 NOTE

Check Details

Version: 3.8.0
Check: installed package size
Result: NOTE
     installed size is 12.6Mb
     sub-directories of 1Mb or more:
     doc 1.8Mb
     libs 10.4Mb
Flavors: r-devel-linux-x86_64-fedora-clang, r-release-osx-x86_64, r-oldrel-osx-x86_64

Version: 3.8.0
Check: re-building of vignette outputs
Result: WARN
    Error in re-building vignettes:
     ...
    Error: processing vignette 'simmer-02-jss.Rmd' failed with diagnostics:
    pandoc version 2.2 or higher is required and was not found (see the help page ?rmarkdown::pandoc_available).
    Execution halted
Flavors: r-devel-windows-ix86+x86_64, r-release-windows-ix86+x86_64, r-oldrel-windows-ix86+x86_64