CRAN Package Check Results for Package simmer

Last updated on 2019-01-18 00:46:52 CET.

Flavor Version Tinstall Tcheck Ttotal Status Flags
r-devel-linux-x86_64-debian-clang 4.2.1 105.91 113.42 219.33 OK
r-devel-linux-x86_64-debian-gcc 4.2.1 104.65 85.23 189.88 OK
r-devel-linux-x86_64-fedora-clang 4.2.1 305.18 NOTE
r-devel-linux-x86_64-fedora-gcc 4.2.1 320.64 OK
r-devel-windows-ix86+x86_64 4.2.1 403.00 234.00 637.00 NOTE
r-patched-linux-x86_64 4.2.1 123.57 92.77 216.34 OK
r-patched-solaris-x86 4.2.1 276.70 OK
r-release-linux-x86_64 4.2.1 127.14 92.40 219.54 OK
r-release-windows-ix86+x86_64 4.2.1 288.00 172.00 460.00 NOTE
r-release-osx-x86_64 4.2.1 NOTE
r-oldrel-windows-ix86+x86_64 4.2.1 312.00 222.00 534.00 NOTE
r-oldrel-osx-x86_64 4.1.0 NOTE

Check Details

Version: 4.2.1
Check: installed package size
Result: NOTE
     installed size is 16.0Mb
     sub-directories of 1Mb or more:
     doc 2.1Mb
     libs 13.2Mb
Flavors: r-devel-linux-x86_64-fedora-clang, r-devel-windows-ix86+x86_64, r-release-windows-ix86+x86_64, r-release-osx-x86_64, r-oldrel-windows-ix86+x86_64

Version: 4.1.0
Check: installed package size
Result: NOTE
     installed size is 13.4Mb
     sub-directories of 1Mb or more:
     doc 2.0Mb
     libs 10.8Mb
Flavor: r-oldrel-osx-x86_64