CRAN Package Check Results for Package simode

Last updated on 2020-10-24 04:50:59 CEST.

Flavor Version Tinstall Tcheck Ttotal Status Flags
r-devel-linux-x86_64-debian-clang 1.2.0 5.63 244.66 250.29 OK
r-devel-linux-x86_64-debian-gcc 1.2.0 5.23 166.14 171.37 OK
r-devel-linux-x86_64-fedora-clang 1.2.0 284.66 NOTE
r-devel-linux-x86_64-fedora-gcc 1.2.0 278.71 NOTE
r-devel-windows-ix86+x86_64 1.2.0 11.00 275.00 286.00 OK
r-patched-linux-x86_64 1.2.0 6.58 229.87 236.45 OK
r-patched-solaris-x86 1.2.0 318.30 NOTE
r-release-linux-x86_64 1.2.0 5.13 225.09 230.22 OK
r-release-macos-x86_64 1.2.0 NOTE
r-release-windows-ix86+x86_64 1.2.0 9.00 204.00 213.00 OK
r-oldrel-macos-x86_64 1.2.0 NOTE
r-oldrel-windows-ix86+x86_64 1.2.0 9.00 223.00 232.00 OK

Check Details

Version: 1.2.0
Check: dependencies in R code
Result: NOTE
    Namespace in Imports field not imported from: ‘quadprog’
     All declared Imports should be used.
Flavors: r-devel-linux-x86_64-fedora-clang, r-devel-linux-x86_64-fedora-gcc, r-patched-solaris-x86, r-release-macos-x86_64, r-oldrel-macos-x86_64