CRAN Package Check Results for Package simplegraph

Last updated on 2022-08-16 10:59:10 CEST.

Flavor Version Tinstall Tcheck Ttotal Status Flags
r-devel-linux-x86_64-debian-clang 1.0.0 1.70 26.72 28.42 NOTE
r-devel-linux-x86_64-debian-gcc 1.0.0 1.89 21.03 22.92 NOTE
r-devel-linux-x86_64-fedora-clang 1.0.0 46.57 NOTE
r-devel-linux-x86_64-fedora-gcc 1.0.0 47.20 NOTE
r-devel-windows-x86_64 1.0.0 48.00 54.00 102.00 NOTE
r-patched-linux-x86_64 1.0.0 2.31 27.10 29.41 NOTE
r-release-linux-x86_64 1.0.0 1.81 27.47 29.28 NOTE
r-release-macos-arm64 1.0.0 15.00 NOTE
r-release-macos-x86_64 1.0.0 23.00 NOTE
r-release-windows-x86_64 1.0.0 34.00 61.00 95.00 NOTE
r-oldrel-macos-arm64 1.0.0 21.00 NOTE
r-oldrel-macos-x86_64 1.0.0 32.00 NOTE
r-oldrel-windows-ix86+x86_64 1.0.0 5.00 52.00 57.00 NOTE

Check Details

Version: 1.0.0
Check: LazyData
Result: NOTE
     'LazyData' is specified without a 'data' directory
Flavors: r-devel-linux-x86_64-debian-clang, r-devel-linux-x86_64-debian-gcc, r-devel-linux-x86_64-fedora-clang, r-devel-linux-x86_64-fedora-gcc, r-devel-windows-x86_64, r-patched-linux-x86_64, r-release-linux-x86_64, r-release-macos-arm64, r-release-macos-x86_64, r-release-windows-x86_64, r-oldrel-macos-arm64, r-oldrel-macos-x86_64, r-oldrel-windows-ix86+x86_64