Last updated on 2023-12-03 21:49:28 CET.
Flavor | Version | Tinstall | Tcheck | Ttotal | Status | Flags |
---|---|---|---|---|---|---|
r-devel-linux-x86_64-debian-clang | 1.0.0 | 3.01 | 412.35 | 415.36 | NOTE | |
r-devel-linux-x86_64-debian-gcc | 1.0.0 | 2.52 | 291.95 | 294.47 | NOTE | |
r-devel-linux-x86_64-fedora-clang | 1.0.0 | 528.78 | NOTE | |||
r-devel-linux-x86_64-fedora-gcc | 1.0.0 | 542.32 | NOTE | |||
r-devel-windows-x86_64 | 1.0.0 | 3.00 | 250.00 | 253.00 | NOTE | |
r-patched-linux-x86_64 | 1.0.0 | 3.11 | 377.09 | 380.20 | NOTE | |
r-release-linux-x86_64 | 1.0.0 | 2.23 | 384.32 | 386.55 | NOTE | |
r-release-macos-arm64 | 1.0.0 | 121.00 | NOTE | |||
r-release-macos-x86_64 | 1.0.0 | 231.00 | NOTE | |||
r-release-windows-x86_64 | 1.0.0 | 5.00 | 370.00 | 375.00 | NOTE | |
r-oldrel-macos-arm64 | 1.0.0 | 110.00 | OK | |||
r-oldrel-macos-x86_64 | 1.0.0 | 139.00 | OK | |||
r-oldrel-windows-x86_64 | 1.0.0 | 5.00 | 355.00 | 360.00 | OK |
Version: 1.0.0
Check: package subdirectories
Result: NOTE
Problems with news in ‘NEWS.md’:
Cannot extract version info from the following section titles:
Version (Date)
Flavors: r-devel-linux-x86_64-debian-clang, r-devel-linux-x86_64-debian-gcc, r-devel-linux-x86_64-fedora-clang, r-devel-linux-x86_64-fedora-gcc, r-devel-windows-x86_64, r-patched-linux-x86_64, r-release-linux-x86_64, r-release-macos-arm64, r-release-macos-x86_64, r-release-windows-x86_64