CRAN Package Check Results for Package simsurv

Last updated on 2023-02-08 07:54:43 CET.

Flavor Version Tinstall Tcheck Ttotal Status Flags
r-devel-linux-x86_64-debian-clang 1.0.0 3.37 431.52 434.89 NOTE
r-devel-linux-x86_64-debian-gcc 1.0.0 2.09 279.35 281.44 NOTE
r-devel-linux-x86_64-fedora-clang 1.0.0 497.99 NOTE
r-devel-linux-x86_64-fedora-gcc 1.0.0 494.06 NOTE
r-devel-windows-x86_64 1.0.0 19.00 401.00 420.00 NOTE
r-patched-linux-x86_64 1.0.0 3.36 404.79 408.15 OK
r-release-linux-x86_64 1.0.0 3.24 392.72 395.96 OK
r-release-macos-arm64 1.0.0 90.00 OK
r-release-macos-x86_64 1.0.0 139.00 OK
r-release-windows-x86_64 1.0.0 20.00 414.00 434.00 OK
r-oldrel-macos-arm64 1.0.0 100.00 OK
r-oldrel-macos-x86_64 1.0.0 210.00 OK
r-oldrel-windows-ix86+x86_64 1.0.0 7.00 427.00 434.00 OK

Check Details

Version: 1.0.0
Check: package subdirectories
Result: NOTE
    Problems with news in ‘NEWS.md’:
     Cannot extract version info from the following section titles:
     Version (Date)
Flavors: r-devel-linux-x86_64-debian-clang, r-devel-linux-x86_64-debian-gcc, r-devel-linux-x86_64-fedora-clang, r-devel-linux-x86_64-fedora-gcc, r-devel-windows-x86_64