CRAN Package Check Results for Package simts

Last updated on 2019-09-18 23:50:11 CEST.

Flavor Version Tinstall Tcheck Ttotal Status Flags
r-devel-linux-x86_64-debian-clang 0.1.1 394.30 106.58 500.88 OK
r-devel-linux-x86_64-debian-gcc 0.1.1 333.50 82.22 415.72 OK
r-devel-linux-x86_64-fedora-clang 0.1.1 800.55 NOTE
r-devel-linux-x86_64-fedora-gcc 0.1.1 763.18 OK
r-devel-windows-ix86+x86_64 0.1.1 935.00 219.00 1154.00 NOTE
r-patched-linux-x86_64 0.1.1 368.79 105.20 473.99 OK
r-patched-solaris-x86 0.1.1 673.80 OK
r-release-linux-x86_64 0.1.1 373.04 104.70 477.74 OK
r-release-windows-ix86+x86_64 0.1.1 665.00 165.00 830.00 NOTE
r-release-osx-x86_64 0.1.1 NOTE
r-oldrel-windows-ix86+x86_64 0.1.1 669.00 159.00 828.00 NOTE
r-oldrel-osx-x86_64 0.1.1 NOTE

Check Details

Version: 0.1.1
Check: installed package size
Result: NOTE
     installed size is 24.0Mb
     sub-directories of 1Mb or more:
     doc 2.1Mb
     libs 20.9Mb
Flavors: r-devel-linux-x86_64-fedora-clang, r-devel-windows-ix86+x86_64, r-release-windows-ix86+x86_64, r-release-osx-x86_64, r-oldrel-windows-ix86+x86_64, r-oldrel-osx-x86_64