CRAN Package Check Results for Package simts

Last updated on 2020-02-22 23:49:47 CET.

Flavor Version Tinstall Tcheck Ttotal Status Flags
r-devel-linux-x86_64-debian-clang 0.1.1 469.53 113.86 583.39 OK
r-devel-linux-x86_64-debian-gcc 0.1.1 315.41 86.60 402.01 OK
r-devel-linux-x86_64-fedora-clang 0.1.1 816.30 NOTE
r-devel-linux-x86_64-fedora-gcc 0.1.1 789.65 OK
r-devel-windows-ix86+x86_64 0.1.1 904.00 182.00 1086.00 NOTE
r-devel-windows-ix86+x86_64-gcc8 0.1.1 1328.00 173.00 1501.00 NOTE
r-patched-linux-x86_64 0.1.1 OK
r-patched-solaris-x86 0.1.1 682.00 OK
r-release-linux-x86_64 0.1.1 375.84 104.10 479.94 OK
r-release-windows-ix86+x86_64 0.1.1 872.00 183.00 1055.00 NOTE
r-release-osx-x86_64 0.1.1 NOTE
r-oldrel-windows-ix86+x86_64 0.1.1 758.00 175.00 933.00 NOTE
r-oldrel-osx-x86_64 0.1.1 NOTE

Check Details

Version: 0.1.1
Check: installed package size
Result: NOTE
     installed size is 24.5Mb
     sub-directories of 1Mb or more:
     doc 2.1Mb
     libs 21.4Mb
Flavors: r-devel-linux-x86_64-fedora-clang, r-devel-windows-ix86+x86_64, r-devel-windows-ix86+x86_64-gcc8, r-release-windows-ix86+x86_64, r-release-osx-x86_64, r-oldrel-windows-ix86+x86_64, r-oldrel-osx-x86_64