CRAN Package Check Results for Package sindyr

Last updated on 2021-04-14 09:49:09 CEST.

Flavor Version Tinstall Tcheck Ttotal Status Flags
r-devel-linux-x86_64-debian-clang 0.2.3 2.98 38.25 41.23 OK
r-devel-linux-x86_64-debian-gcc 0.2.3 2.27 29.65 31.92 OK
r-devel-linux-x86_64-fedora-clang 0.2.3 60.20 NOTE
r-devel-linux-x86_64-fedora-gcc 0.2.3 48.83 NOTE
r-devel-windows-ix86+x86_64 0.2.3 9.00 58.00 67.00 OK
r-devel-windows-x86_64-gcc10-UCRT 0.2.3 NOTE
r-patched-linux-x86_64 0.2.3 2.91 37.14 40.05 OK
r-patched-solaris-x86 0.2.3 84.40 NOTE
r-release-linux-x86_64 0.2.3 3.03 37.03 40.06 OK
r-release-macos-x86_64 0.2.3 NOTE
r-release-windows-ix86+x86_64 0.2.3 10.00 59.00 69.00 OK
r-oldrel-macos-x86_64 0.2.3 NOTE
r-oldrel-windows-ix86+x86_64 0.2.3 4.00 40.00 44.00 OK

Check Details

Version: 0.2.3
Check: dependencies in R code
Result: NOTE
    Namespaces in Imports field not imported from:
     ‘crqa’ ‘plot3D’
     All declared Imports should be used.
Flavors: r-devel-linux-x86_64-fedora-clang, r-devel-linux-x86_64-fedora-gcc, r-devel-windows-x86_64-gcc10-UCRT, r-patched-solaris-x86, r-release-macos-x86_64, r-oldrel-macos-x86_64