CRAN Package Check Results for Package sindyr

Last updated on 2020-08-05 10:06:14 CEST.

Flavor Version Tinstall Tcheck Ttotal Status Flags
r-devel-linux-x86_64-debian-clang 0.2.3 2.82 31.33 34.15 OK
r-devel-linux-x86_64-debian-gcc 0.2.3 2.07 24.80 26.87 OK
r-devel-linux-x86_64-fedora-clang 0.2.3 50.08 NOTE
r-devel-linux-x86_64-fedora-gcc 0.2.3 42.08 NOTE
r-devel-windows-ix86+x86_64 0.2.3 10.00 46.00 56.00 OK
r-patched-linux-x86_64 0.2.3 2.61 31.17 33.78 OK
r-patched-solaris-x86 0.2.3 68.10 NOTE
r-release-linux-x86_64 0.2.3 2.90 31.49 34.39 OK
r-release-macos-x86_64 0.2.3 NOTE
r-release-windows-ix86+x86_64 0.2.3 11.00 71.00 82.00 OK
r-oldrel-macos-x86_64 0.2.3 NOTE
r-oldrel-windows-ix86+x86_64 0.2.3 6.00 57.00 63.00 OK

Check Details

Version: 0.2.3
Check: dependencies in R code
Result: NOTE
    Namespaces in Imports field not imported from:
     ‘crqa’ ‘plot3D’
     All declared Imports should be used.
Flavors: r-devel-linux-x86_64-fedora-clang, r-devel-linux-x86_64-fedora-gcc, r-patched-solaris-x86, r-release-macos-x86_64, r-oldrel-macos-x86_64