CRAN Package Check Results for Package singleCellHaystack

Last updated on 2020-09-22 06:47:43 CEST.

Flavor Version Tinstall Tcheck Ttotal Status Flags
r-devel-linux-x86_64-debian-clang 0.3.3 10.88 207.55 218.43 NOTE
r-devel-linux-x86_64-debian-gcc 0.3.3 0.34 2.27 2.61 ERROR
r-devel-linux-x86_64-fedora-clang 0.3.3 278.86 NOTE
r-devel-linux-x86_64-fedora-gcc 0.3.3 267.07 NOTE
r-devel-windows-ix86+x86_64 0.3.2 24.00 258.00 282.00 OK
r-patched-linux-x86_64 0.3.3 9.54 200.48 210.02 NOTE
r-patched-solaris-x86 0.3.3 444.40 NOTE
r-release-linux-x86_64 0.3.3 11.13 202.79 213.92 NOTE
r-release-macos-x86_64 0.3.3 NOTE
r-release-windows-ix86+x86_64 0.3.3 22.00 221.00 243.00 NOTE
r-oldrel-macos-x86_64 0.3.3 NOTE
r-oldrel-windows-ix86+x86_64 0.3.2 8.00 177.00 185.00 OK

Check Details

Version: 0.3.3
Check: package dependencies
Result: NOTE
    Package suggested but not available for checking: 'SeuratData'
Flavors: r-devel-linux-x86_64-debian-clang, r-devel-linux-x86_64-debian-gcc, r-devel-linux-x86_64-fedora-clang, r-devel-linux-x86_64-fedora-gcc, r-patched-linux-x86_64, r-patched-solaris-x86, r-release-linux-x86_64, r-release-macos-x86_64, r-release-windows-ix86+x86_64

Version: 0.3.3
Check: whether package can be installed
Result: ERROR
    Installation failed.
Flavor: r-devel-linux-x86_64-debian-gcc

Version: 0.3.3
Check: package dependencies
Result: NOTE
    Packages suggested but not available for checking:
     'SingleCellExperiment', 'SeuratData'
Flavor: r-oldrel-macos-x86_64