CRAN Package Check Results for Package sirt

Last updated on 2020-02-27 22:52:02 CET.

Flavor Version Tinstall Tcheck Ttotal Status Flags
r-devel-linux-x86_64-debian-clang 3.9-4 260.53 309.60 570.13 OK
r-devel-linux-x86_64-debian-gcc 3.9-4 192.97 230.95 423.92 OK
r-devel-linux-x86_64-fedora-clang 3.9-4 788.01 NOTE
r-devel-linux-x86_64-fedora-gcc 3.9-4 726.92 OK
r-devel-windows-ix86+x86_64 3.9-4 613.00 514.00 1127.00 NOTE
r-devel-windows-ix86+x86_64-gcc8 3.9-4 504.00 409.00 913.00 NOTE
r-patched-linux-x86_64 3.9-4 226.14 277.84 503.98 OK
r-patched-solaris-x86 3.9-4 709.70 OK
r-release-linux-x86_64 3.9-4 231.10 284.92 516.02 OK
r-release-windows-ix86+x86_64 3.9-4 447.00 387.00 834.00 NOTE
r-release-osx-x86_64 3.9-4 NOTE
r-oldrel-windows-ix86+x86_64 3.9-4 373.00 307.00 680.00 NOTE
r-oldrel-osx-x86_64 3.9-4 NOTE

Check Details

Version: 3.9-4
Check: installed package size
Result: NOTE
     installed size is 11.2Mb
     sub-directories of 1Mb or more:
     R 1.9Mb
     libs 7.3Mb
Flavors: r-devel-linux-x86_64-fedora-clang, r-devel-windows-ix86+x86_64, r-devel-windows-ix86+x86_64-gcc8, r-release-windows-ix86+x86_64, r-release-osx-x86_64, r-oldrel-windows-ix86+x86_64, r-oldrel-osx-x86_64

Version: 3.9-4
Check: dependencies in R code
Result: NOTE
    No protocol specified
    No protocol specified
Flavor: r-release-osx-x86_64