CRAN Package Check Results for Package sirt

Last updated on 2019-09-21 19:47:06 CEST.

Flavor Version Tinstall Tcheck Ttotal Status Flags
r-devel-linux-x86_64-debian-clang 3.6-21 222.63 270.48 493.11 OK
r-devel-linux-x86_64-debian-gcc 3.6-21 189.47 209.57 399.04 OK
r-devel-linux-x86_64-fedora-clang 3.6-21 715.08 NOTE
r-devel-linux-x86_64-fedora-gcc 3.6-21 683.85 OK
r-devel-windows-ix86+x86_64 3.6-21 562.00 480.00 1042.00 NOTE
r-patched-linux-x86_64 3.6-21 215.61 273.86 489.47 OK
r-patched-solaris-x86 3.6-21 636.20 OK
r-release-linux-x86_64 3.6-21 212.78 281.83 494.61 OK
r-release-windows-ix86+x86_64 3.6-21 386.00 369.00 755.00 NOTE
r-release-osx-x86_64 3.6-21 NOTE
r-oldrel-windows-ix86+x86_64 3.6-21 395.00 291.00 686.00 NOTE
r-oldrel-osx-x86_64 3.6-21 NOTE

Check Details

Version: 3.6-21
Check: installed package size
Result: NOTE
     installed size is 11.2Mb
     sub-directories of 1Mb or more:
     R 1.9Mb
     libs 7.3Mb
Flavors: r-devel-linux-x86_64-fedora-clang, r-devel-windows-ix86+x86_64, r-release-windows-ix86+x86_64, r-release-osx-x86_64, r-oldrel-windows-ix86+x86_64, r-oldrel-osx-x86_64