CRAN Package Check Results for Package sirus

Last updated on 2021-10-17 01:51:19 CEST.

Flavor Version Tinstall Tcheck Ttotal Status Flags
r-devel-linux-x86_64-debian-clang 0.3.2 97.21 121.06 218.27 OK
r-devel-linux-x86_64-debian-gcc 0.3.2 78.68 89.79 168.47 OK
r-devel-linux-x86_64-fedora-clang 0.3.2 321.24 NOTE
r-devel-linux-x86_64-fedora-gcc 0.3.2 288.07 OK
r-devel-windows-x86_64 0.3.2 104.00 114.00 218.00 OK
r-devel-windows-x86_64-gcc10-UCRT 0.3.2 OK
r-patched-linux-x86_64 0.3.2 91.15 113.19 204.34 OK
r-patched-solaris-x86 0.3.2 349.60 OK
r-release-linux-x86_64 0.3.2 93.94 113.44 207.38 OK
r-release-macos-arm64 0.3.2 NOTE
r-release-macos-x86_64 0.3.2 NOTE
r-release-windows-ix86+x86_64 0.3.2 257.00 213.00 470.00 OK
r-oldrel-macos-x86_64 0.3.2 NOTE
r-oldrel-windows-ix86+x86_64 0.3.2 249.00 217.00 466.00 OK

Check Details

Version: 0.3.2
Check: installed package size
Result: NOTE
     installed size is 6.9Mb
     sub-directories of 1Mb or more:
     libs 6.6Mb
Flavors: r-devel-linux-x86_64-fedora-clang, r-release-macos-arm64, r-release-macos-x86_64, r-oldrel-macos-x86_64

Version: 0.3.2
Check: Rd cross-references
Result: NOTE
    Undeclared package ‘ranger’ in Rd xrefs
Flavor: r-devel-linux-x86_64-fedora-clang