CRAN Package Check Results for Package sisal

Last updated on 2020-03-30 18:49:13 CEST.

Flavor Version Tinstall Tcheck Ttotal Status Flags
r-devel-linux-x86_64-debian-clang 0.48 14.44 127.56 142.00 OK
r-devel-linux-x86_64-debian-gcc 0.48 13.20 96.06 109.26 OK
r-devel-linux-x86_64-fedora-clang 0.48 171.32 OK
r-devel-linux-x86_64-fedora-gcc 0.48 170.16 OK
r-devel-windows-ix86+x86_64 0.48 26.00 103.00 129.00 ERROR
r-devel-windows-ix86+x86_64-gcc8 0.48 24.00 105.00 129.00 ERROR
r-patched-linux-x86_64 0.48 16.00 123.13 139.13 OK
r-patched-solaris-x86 0.48 235.00 OK
r-release-linux-x86_64 0.48 12.79 106.35 119.14 OK
r-release-windows-ix86+x86_64 0.48 32.00 154.00 186.00 OK
r-release-osx-x86_64 0.48 OK
r-oldrel-windows-ix86+x86_64 0.48 24.00 143.00 167.00 OK
r-oldrel-osx-x86_64 0.48 OK

Check Details

Version: 0.48
Check: examples
Result: ERROR
    Running examples in 'sisal-Ex.R' failed
    The error most likely occurred in:
    
    > ### Name: plot.sisal
    > ### Title: Plotting Sequential Input Selection Results
    > ### Aliases: plot.sisal
    > ### Keywords: hplot graphs IO
    >
    > ### ** Examples
    >
    > library(graphics)
    > foo <- testSisal(dataset="toy", Mtimes=10)
    Dataset is "toy"
    See ?toy.learn for a description of the data
    Adding noise with standard deviation 0.200000
    Calling sisal
    
    pruning.criterion=round robin, Mtimes=10, kfold=10, hbranches=1, max.width=1,
    q=0.165, standardize=TRUE, pruning.keep.best=TRUE, pruning.reverse=FALSE,
    use.ridge=FALSE, sp=-1
    There are 10 variables and 1000 samples.
    There are no missing values.
    ================================================================================
    > ## Plotting the search graph requires "Rgraphviz" and "graph"
    > if (requireNamespace("Rgraphviz", quietly=TRUE) &&
    + requireNamespace("graph", quietly=TRUE)) {
    + plot(foo, which=2)
    + }
    Warning: multiple methods tables found for 'plot'
    Error in as.double(y) :
     cannot coerce type 'S4' to vector of type 'double'
    Calls: plot ... do.call -> <Anonymous> -> plot.default -> xy.coords
    Execution halted
Flavors: r-devel-windows-ix86+x86_64, r-devel-windows-ix86+x86_64-gcc8