Last updated on 2023-10-04 00:58:38 CEST.
Flavor | Version | Tinstall | Tcheck | Ttotal | Status | Flags |
---|---|---|---|---|---|---|
r-devel-linux-x86_64-debian-clang | 0.48 | 18.33 | 144.68 | 163.01 | OK | |
r-devel-linux-x86_64-debian-gcc | 0.48 | 12.56 | 108.93 | 121.49 | OK | |
r-devel-linux-x86_64-fedora-clang | 0.48 | 209.95 | OK | |||
r-devel-linux-x86_64-fedora-gcc | 0.48 | 198.32 | OK | |||
r-devel-windows-x86_64 | 0.48 | 15.00 | 122.00 | 137.00 | OK | |
r-patched-linux-x86_64 | 0.48 | 17.09 | 131.41 | 148.50 | OK | |
r-release-linux-x86_64 | 0.48 | 11.97 | 138.94 | 150.91 | OK | |
r-release-macos-arm64 | 0.48 | 61.00 | OK | |||
r-release-macos-x86_64 | 0.48 | 100.00 | OK | |||
r-release-windows-x86_64 | 0.48 | 20.00 | 149.00 | 169.00 | OK | |
r-oldrel-macos-arm64 | 0.48 | 58.00 | NOTE | |||
r-oldrel-macos-x86_64 | 0.48 | 72.00 | OK | |||
r-oldrel-windows-x86_64 | 0.48 | 21.00 | 152.00 | 173.00 | OK |
Version: 0.48
Check: package dependencies
Result: NOTE
Packages suggested but not available for checking: 'graph', 'Rgraphviz'
Flavor: r-oldrel-macos-arm64
Version: 0.48
Check: Rd cross-references
Result: NOTE
Packages unavailable to check Rd xrefs: ‘Rgraphviz’, ‘graph’
Flavor: r-oldrel-macos-arm64