CRAN Package Check Results for Package sistec

Last updated on 2024-04-22 23:54:40 CEST.

Flavor Version Tinstall Tcheck Ttotal Status Flags
r-devel-linux-x86_64-debian-clang 0.2.0 7.40 61.68 69.08 NOTE
r-devel-linux-x86_64-debian-gcc 0.2.0 6.62 45.62 52.24 NOTE
r-devel-linux-x86_64-fedora-clang 0.2.0 95.44 NOTE
r-devel-linux-x86_64-fedora-gcc 0.2.0 84.42 NOTE
r-prerel-macos-arm64 0.2.0 29.00 NOTE
r-prerel-windows-x86_64 0.2.0 10.00 65.00 75.00 NOTE
r-patched-linux-x86_64 0.2.0 6.55 57.59 64.14 NOTE
r-release-linux-x86_64 0.2.0 6.50 60.53 67.03 NOTE
r-release-macos-arm64 0.2.0 32.00 NOTE
r-release-macos-x86_64 0.2.0 49.00 NOTE
r-release-windows-x86_64 0.2.0 10.00 95.00 105.00 NOTE
r-oldrel-macos-arm64 0.2.0 30.00 NOTE
r-oldrel-windows-x86_64 0.2.0 11.00 76.00 87.00 NOTE

Check Details

Version: 0.2.0
Check: LazyData
Result: NOTE 'LazyData' is specified without a 'data' directory Flavors: r-devel-linux-x86_64-debian-clang, r-devel-linux-x86_64-debian-gcc, r-devel-linux-x86_64-fedora-clang, r-devel-linux-x86_64-fedora-gcc, r-prerel-macos-arm64, r-prerel-windows-x86_64, r-patched-linux-x86_64, r-release-linux-x86_64, r-release-macos-arm64, r-release-macos-x86_64, r-release-windows-x86_64, r-oldrel-macos-arm64, r-oldrel-windows-x86_64

Version: 0.2.0
Check: dependencies in R code
Result: NOTE Namespace in Imports field not imported from: ‘stringi’ All declared Imports should be used. Flavors: r-devel-linux-x86_64-fedora-clang, r-devel-linux-x86_64-fedora-gcc, r-oldrel-macos-arm64