CRAN Package Check Results for Package siteymlgen

Last updated on 2024-06-14 03:57:36 CEST.

Flavor Version Tinstall Tcheck Ttotal Status Flags
r-devel-linux-x86_64-debian-clang 1.0.0 1.82 30.22 32.04 NOTE
r-devel-linux-x86_64-debian-gcc 1.0.0 0.40 1.84 2.24 ERROR
r-devel-linux-x86_64-fedora-clang 1.0.0 43.82 NOTE
r-devel-linux-x86_64-fedora-gcc 1.0.0 53.84 NOTE
r-devel-windows-x86_64 1.0.0 4.00 47.00 51.00 NOTE
r-patched-linux-x86_64 1.0.0 2.56 29.77 32.33 NOTE
r-release-linux-x86_64 1.0.0 2.10 29.42 31.52 NOTE
r-release-macos-arm64 1.0.0 25.00 NOTE
r-release-macos-x86_64 1.0.0 37.00 NOTE
r-release-windows-x86_64 1.0.0 4.00 50.00 54.00 NOTE
r-oldrel-macos-arm64 1.0.0 27.00 NOTE
r-oldrel-macos-x86_64 1.0.0 37.00 NOTE
r-oldrel-windows-x86_64 1.0.0 5.00 49.00 54.00 NOTE

Check Details

Version: 1.0.0
Check: LazyData
Result: NOTE 'LazyData' is specified without a 'data' directory Flavors: r-devel-linux-x86_64-debian-clang, r-devel-linux-x86_64-fedora-clang, r-devel-linux-x86_64-fedora-gcc, r-devel-windows-x86_64, r-patched-linux-x86_64, r-release-linux-x86_64, r-release-macos-arm64, r-release-macos-x86_64, r-release-windows-x86_64, r-oldrel-macos-arm64, r-oldrel-macos-x86_64, r-oldrel-windows-x86_64

Version: 1.0.0
Check: package dependencies
Result: ERROR Packages required but not available: 'dplyr', 'ymlthis', 'stringr', 'lubridate', 'purrr' Packages suggested but not available for checking: 'testthat', 'pkgdown', 'roxygen2' See section ‘The DESCRIPTION file’ in the ‘Writing R Extensions’ manual. Flavor: r-devel-linux-x86_64-debian-gcc

Version: 1.0.0
Check: dependencies in R code
Result: NOTE Namespaces in Imports field not imported from: ‘data.table’ ‘dplyr’ ‘rmarkdown’ ‘yaml’ All declared Imports should be used. Flavors: r-devel-linux-x86_64-fedora-clang, r-devel-linux-x86_64-fedora-gcc