CRAN Package Check Results for Package sitmo

Last updated on 2018-10-22 01:51:11 CEST.

Flavor Version Tinstall Tcheck Ttotal Status Flags
r-devel-linux-x86_64-debian-clang 2.0.0 25.81 32.65 58.46 WARN
r-devel-linux-x86_64-debian-gcc 2.0.0 19.60 25.64 45.24 WARN
r-devel-linux-x86_64-fedora-clang 2.0.0 113.51 OK
r-devel-linux-x86_64-fedora-gcc 2.0.0 99.41 OK
r-devel-windows-ix86+x86_64 2.0.0 64.00 108.00 172.00 OK
r-patched-linux-x86_64 2.0.0 25.94 52.77 78.71 OK
r-patched-solaris-x86 2.0.0 161.20 OK
r-release-linux-x86_64 2.0.0 23.14 53.59 76.73 OK
r-release-windows-ix86+x86_64 2.0.0 49.00 103.00 152.00 OK
r-release-osx-x86_64 2.0.0 OK
r-oldrel-windows-ix86+x86_64 2.0.0 48.00 126.00 174.00 OK
r-oldrel-osx-x86_64 2.0.0 OK

Check Details

Version: 2.0.0
Check: re-building of vignette outputs
Result: WARN
    Error in re-building vignettes:
     ...
    Quitting from lines 130-154 (uniform_rng_with_sitmo.Rmd)
    Error: processing vignette ‘uniform_rng_with_sitmo.Rmd’ failed with diagnostics:
    replacement has 31 rows, data has 30
    Execution halted
Flavors: r-devel-linux-x86_64-debian-clang, r-devel-linux-x86_64-debian-gcc