CRAN Package Check Results for Package sitree

Last updated on 2021-10-25 12:59:41 CEST.

Flavor Version Tinstall Tcheck Ttotal Status Flags
r-devel-linux-x86_64-debian-clang 0.1-10 8.54 95.54 104.08 WARN
r-devel-linux-x86_64-debian-gcc 0.1-10 5.95 64.20 70.15 WARN
r-devel-linux-x86_64-fedora-clang 0.1-10 120.75 WARN
r-devel-linux-x86_64-fedora-gcc 0.1-10 103.03 WARN
r-devel-windows-x86_64 0.1-10 17.00 79.00 96.00 WARN
r-devel-windows-x86_64-gcc10-UCRT 0.1-10 WARN
r-patched-linux-x86_64 0.1-10 8.96 80.44 89.40 WARN
r-patched-solaris-x86 0.1-10 129.60 OK
r-release-linux-x86_64 0.1-10 6.71 78.96 85.67 WARN
r-release-macos-arm64 0.1-10 WARN
r-release-macos-x86_64 0.1-10 OK
r-release-windows-ix86+x86_64 0.1-10 16.00 108.00 124.00 WARN
r-oldrel-macos-x86_64 0.1-10 OK
r-oldrel-windows-ix86+x86_64 0.1-10 22.00 103.00 125.00 WARN

Check Details

Version: 0.1-10
Check: re-building of vignette outputs
Result: WARN
    Error(s) in re-building vignettes:
     ...
    --- re-building 'SiTree.Rmd' using rmarkdown
    --- finished re-building 'SiTree.Rmd'
    
    --- re-building 'TestEquations.Rmd' using rmarkdown
    Quitting from lines 79-167 (TestEquations.Rmd)
    Error: processing vignette 'TestEquations.Rmd' failed with diagnostics:
    attempt to use zero-length variable name
    --- failed re-building 'TestEquations.Rmd'
    
    SUMMARY: processing the following file failed:
     'TestEquations.Rmd'
    
    Error: Vignette re-building failed.
    Execution halted
Flavors: r-devel-linux-x86_64-debian-clang, r-devel-linux-x86_64-debian-gcc, r-patched-linux-x86_64, r-release-linux-x86_64, r-release-macos-arm64

Version: 0.1-10
Check: re-building of vignette outputs
Result: WARN
    Error(s) in re-building vignettes:
    --- re-building ‘SiTree.Rmd’ using rmarkdown
    --- finished re-building ‘SiTree.Rmd’
    
    --- re-building ‘TestEquations.Rmd’ using rmarkdown
    Quitting from lines 79-167 (TestEquations.Rmd)
    Error: processing vignette 'TestEquations.Rmd' failed with diagnostics:
    attempt to use zero-length variable name
    --- failed re-building ‘TestEquations.Rmd’
    
    SUMMARY: processing the following file failed:
     ‘TestEquations.Rmd’
    
    Error: Vignette re-building failed.
    Execution halted
Flavors: r-devel-linux-x86_64-fedora-clang, r-devel-linux-x86_64-fedora-gcc, r-devel-windows-x86_64, r-devel-windows-x86_64-gcc10-UCRT, r-release-windows-ix86+x86_64, r-oldrel-windows-ix86+x86_64