CRAN Package Check Results for Package sjPlot

Last updated on 2019-03-23 19:50:55 CET.

Flavor Version Tinstall Tcheck Ttotal Status Flags
r-devel-linux-x86_64-debian-clang 2.6.2 22.36 272.56 294.92 WARN
r-devel-linux-x86_64-debian-gcc 2.6.2 19.06 209.78 228.84 OK
r-devel-linux-x86_64-fedora-clang 2.6.2 328.77 OK
r-devel-linux-x86_64-fedora-gcc 2.6.2 352.73 OK
r-devel-windows-ix86+x86_64 2.6.2 55.00 362.00 417.00 OK
r-patched-linux-x86_64 2.6.2 20.85 249.87 270.72 OK
r-patched-solaris-x86 2.6.2 433.10 OK
r-release-linux-x86_64 2.6.2 0.50 3.97 4.47 ERROR
r-release-windows-ix86+x86_64 2.6.2 30.00 257.00 287.00 OK
r-release-osx-x86_64 2.6.2 OK
r-oldrel-windows-ix86+x86_64 2.6.2 23.00 389.00 412.00 OK
r-oldrel-osx-x86_64 2.6.2 OK

Check Details

Version: 2.6.2
Check: whether package can be installed
Result: WARN
    Found the following significant warnings:
     Warning: unable to re-encode 'plot_model.R' line 373
Flavor: r-devel-linux-x86_64-debian-clang

Version: 2.6.2
Check: whether package can be installed
Result: ERROR
    Installation failed.
Flavor: r-release-linux-x86_64