CRAN Package Check Results for Package sjmisc

Last updated on 2019-03-20 18:48:55 CET.

Flavor Version Tinstall Tcheck Ttotal Status Flags
r-devel-linux-x86_64-debian-clang 2.7.9 7.81 101.95 109.76 OK
r-devel-linux-x86_64-debian-gcc 2.7.9 6.52 101.06 107.58 OK
r-devel-linux-x86_64-fedora-clang 2.7.9 121.43 OK
r-devel-linux-x86_64-fedora-gcc 2.7.9 126.19 OK
r-devel-windows-ix86+x86_64 2.7.9 6.00 7.00 13.00 ERROR
r-patched-linux-x86_64 2.7.9 5.79 97.65 103.44 OK
r-patched-solaris-x86 2.7.9 143.20 OK
r-release-linux-x86_64 2.7.9 7.47 106.90 114.37 OK
r-release-windows-ix86+x86_64 2.7.9 8.00 89.00 97.00 OK
r-release-osx-x86_64 2.7.9 OK
r-oldrel-windows-ix86+x86_64 2.7.9 3.00 5.00 8.00 ERROR
r-oldrel-osx-x86_64 2.7.9 OK

Check Details

Version: 2.7.9
Check: whether package can be installed
Result: ERROR
    Installation failed.
Flavors: r-devel-windows-ix86+x86_64, r-oldrel-windows-ix86+x86_64