CRAN Package Check Results for Package sketcher

Last updated on 2020-11-28 11:49:03 CET.

Flavor Version Tinstall Tcheck Ttotal Status Flags
r-devel-linux-x86_64-debian-clang 0.1.3 5.94 36.83 42.77 OK
r-devel-linux-x86_64-debian-gcc 0.1.3 4.29 25.34 29.63 OK
r-devel-linux-x86_64-fedora-clang 0.1.3 50.83 NOTE
r-devel-linux-x86_64-fedora-gcc 0.1.3 43.28 NOTE
r-devel-windows-ix86+x86_64 0.1.3 9.00 36.00 45.00 OK
r-patched-linux-x86_64 0.1.3 4.64 33.73 38.37 OK
r-patched-solaris-x86 0.1.3 61.60 NOTE
r-release-linux-x86_64 0.1.3 4.65 32.87 37.52 OK
r-release-macos-x86_64 0.1.3 NOTE
r-release-windows-ix86+x86_64 0.1.3 7.00 37.00 44.00 OK
r-oldrel-macos-x86_64 0.1.3 NOTE
r-oldrel-windows-ix86+x86_64 0.1.3 7.00 43.00 50.00 OK

Check Details

Version: 0.1.3
Check: dependencies in R code
Result: NOTE
    Namespaces in Imports field not imported from:
     ‘dplyr’ ‘methods’
     All declared Imports should be used.
Flavors: r-devel-linux-x86_64-fedora-clang, r-devel-linux-x86_64-fedora-gcc, r-patched-solaris-x86, r-release-macos-x86_64, r-oldrel-macos-x86_64