CRAN Package Check Results for Package sketcher

Last updated on 2020-09-22 06:47:43 CEST.

Flavor Version Tinstall Tcheck Ttotal Status Flags
r-devel-linux-x86_64-debian-clang 0.1.3 4.61 28.13 32.74 OK
r-devel-linux-x86_64-debian-gcc 0.1.3 0.33 1.86 2.19 ERROR
r-devel-linux-x86_64-fedora-clang 0.1.3 58.08 NOTE
r-devel-linux-x86_64-fedora-gcc 0.1.3 40.18 NOTE
r-devel-windows-ix86+x86_64 0.1.3 9.00 47.00 56.00 OK
r-patched-linux-x86_64 0.1.3 4.14 28.10 32.24 OK
r-patched-solaris-x86 0.1.3 61.30 NOTE
r-release-linux-x86_64 0.1.3 4.49 28.50 32.99 OK
r-release-macos-x86_64 0.1.3 NOTE
r-release-windows-ix86+x86_64 0.1.3 9.00 52.00 61.00 OK
r-oldrel-macos-x86_64 0.1.3 NOTE
r-oldrel-windows-ix86+x86_64 0.1.3 5.00 49.00 54.00 OK

Check Details

Version: 0.1.3
Check: whether package can be installed
Result: ERROR
    Installation failed.
Flavor: r-devel-linux-x86_64-debian-gcc

Version: 0.1.3
Check: dependencies in R code
Result: NOTE
    Namespaces in Imports field not imported from:
     ‘dplyr’ ‘methods’
     All declared Imports should be used.
Flavors: r-devel-linux-x86_64-fedora-clang, r-devel-linux-x86_64-fedora-gcc, r-patched-solaris-x86, r-release-macos-x86_64, r-oldrel-macos-x86_64