CRAN Package Check Results for Package skimr

Last updated on 2020-06-01 04:47:10 CEST.

Flavor Version Tinstall Tcheck Ttotal Status Flags
r-devel-linux-x86_64-debian-clang 2.1.1 5.67 76.81 82.48 OK
r-devel-linux-x86_64-debian-gcc 2.1.1 4.57 64.95 69.52 OK
r-devel-linux-x86_64-fedora-clang 2.1.1 116.60 NOTE
r-devel-linux-x86_64-fedora-gcc 2.1.1 112.95 NOTE
r-devel-windows-ix86+x86_64 2.1.1 26.00 132.00 158.00 OK
r-patched-linux-x86_64 2.1.1 5.42 80.12 85.54 OK
r-patched-solaris-x86 2.1.1 137.10 NOTE
r-release-linux-x86_64 2.1.1 5.42 82.49 87.91 OK
r-release-osx-x86_64 2.1.1 NOTE
r-release-windows-ix86+x86_64 2.1.1 18.00 179.00 197.00 OK
r-oldrel-osx-x86_64 2.1.1 NOTE
r-oldrel-windows-ix86+x86_64 2.1.1 14.00 87.00 101.00 OK

Check Details

Version: 2.1.1
Check: dependencies in R code
Result: NOTE
    Namespace in Imports field not imported from: ‘vctrs’
     All declared Imports should be used.
Flavors: r-devel-linux-x86_64-fedora-clang, r-devel-linux-x86_64-fedora-gcc, r-patched-solaris-x86, r-release-osx-x86_64, r-oldrel-osx-x86_64