CRAN Package Check Results for Package skm

Last updated on 2020-02-20 10:49:07 CET.

Flavor Version Tinstall Tcheck Ttotal Status Flags
r-devel-linux-x86_64-debian-clang 0.1.5.4 75.51 543.49 619.00 NOTE
r-devel-linux-x86_64-debian-gcc 0.1.5.4 54.86 360.03 414.89 NOTE
r-devel-linux-x86_64-fedora-clang 0.1.5.4 739.96 NOTE
r-devel-linux-x86_64-fedora-gcc 0.1.5.4 669.47 NOTE
r-devel-windows-ix86+x86_64 0.1.5.4 144.00 87.00 231.00 NOTE --no-vignettes
r-devel-windows-ix86+x86_64-gcc8 0.1.5.4 216.00 71.00 287.00 NOTE --no-vignettes
r-patched-linux-x86_64 0.1.5.4 59.49 454.46 513.95 NOTE
r-patched-solaris-x86 0.1.5.4 1966.80 WARN
r-release-linux-x86_64 0.1.5.4 63.09 451.63 514.72 NOTE
r-release-windows-ix86+x86_64 0.1.5.4 140.00 66.00 206.00 NOTE --no-vignettes
r-release-osx-x86_64 0.1.5.4 FAIL
r-oldrel-windows-ix86+x86_64 0.1.5.4 119.00 63.00 182.00 NOTE --no-vignettes
r-oldrel-osx-x86_64 0.1.5.4 FAIL

Check Details

Version: 0.1.5.4
Check: for GNU extensions in Makefiles
Result: NOTE
    GNU make is a SystemRequirements.
Flavors: r-devel-linux-x86_64-debian-clang, r-devel-linux-x86_64-debian-gcc, r-devel-linux-x86_64-fedora-clang, r-devel-linux-x86_64-fedora-gcc, r-patched-linux-x86_64, r-patched-solaris-x86, r-release-linux-x86_64, r-release-osx-x86_64, r-oldrel-osx-x86_64

Version: 0.1.5.4
Check: installed package size
Result: NOTE
     installed size is 6.4Mb
     sub-directories of 1Mb or more:
     doc 1.1Mb
     libs 4.3Mb
Flavors: r-devel-linux-x86_64-fedora-clang, r-release-osx-x86_64, r-oldrel-osx-x86_64

Version: 0.1.5.4
Check: compiled code
Result: NOTE
    File ‘skm/libs/skm.so’:
     Found no calls to: ‘R_registerRoutines’, ‘R_useDynamicSymbols’
    
    It is good practice to register native routines and to disable symbol
    search.
    
    See ‘Writing portable packages’ in the ‘Writing R Extensions’ manual.
Flavors: r-devel-linux-x86_64-fedora-clang, r-devel-linux-x86_64-fedora-gcc

Version: 0.1.5.4
Flags: --no-vignettes
Check: for GNU extensions in Makefiles
Result: NOTE
    GNU make is a SystemRequirements.
Flavors: r-devel-windows-ix86+x86_64, r-devel-windows-ix86+x86_64-gcc8, r-release-windows-ix86+x86_64, r-oldrel-windows-ix86+x86_64

Version: 0.1.5.4
Check: re-building of vignette outputs
Result: WARN
    Error(s) in re-building vignettes:
     ...
    --- re-building ‘skm-vignettes.Rmd’ using rmarkdown
    Warning in engine$weave(file, quiet = quiet, encoding = enc) :
     Pandoc (>= 1.12.3) and/or pandoc-citeproc not available. Falling back to R Markdown v1.
    Loading required package: magrittr
    Loading required package: data.table
    skm_mls: skm solver via skm_mls_cpp ...
    
    skm_mls: auto_create g w.r.t first letter of s_name.
    
    skm_mls: optimizing on k <1> ...
    
    skm_mls: optimizing on k <1> ... done.
    
    skm_mls: optimizing on k <2> ...
    
    skm_mls: set extra runs based on previous optim s ...
    
    skm_mls: set extra runs based on previous optim s ... done.
    
    skm_mls: optimizing on k <2> ... done.
    
    skm_mls: optimizing on k <3> ...
    
    skm_mls: set extra runs based on previous optim s ...
    
    skm_mls: set extra runs based on previous optim s ... done.
    
    skm_mls: optimizing on k <3> ... done.
    
    skm_mls: optimizing on k <4> ...
    
    skm_mls: set extra runs based on previous optim s ...
    
    skm_mls: set extra runs based on previous optim s ... done.
    
    skm_mls: optimizing on k <4> ... done.
    
    skm_mls: optimizing on k <5> ...
    
    skm_mls: set extra runs based on previous optim s ...
    
    skm_mls: set extra runs based on previous optim s ... done.
    
    skm_mls: optimizing on k <5> ... done.
    
    skm_mls: optimizing on k <6> ...
    
    skm_mls: set extra runs based on previous optim s ...
    
    skm_mls: set extra runs based on previous optim s ... done.
    
    skm_mls: optimizing on k <6> ... done.
    
    skm_mls: optimizing on k <7> ...
    
    skm_mls: set extra runs based on previous optim s ...
    
    skm_mls: encounter better solution at jk <58> run based on previous optim s ...
    
    skm_mls: set extra runs based on previous optim s ... done.
    
    skm_mls: optimizing on k <7> ... done.
    
    skm_mls: optimizing on k <8> ...
    
    skm_mls: set extra runs based on previous optim s ...
    
    skm_mls: encounter better solution at jk <7> run based on previous optim s ...
    
    skm_mls: encounter better solution at jk <11> run based on previous optim s ...
    
    skm_mls: encounter better solution at jk <30> run based on previous optim s ...
    
    skm_mls: encounter better solution at jk <75> run based on previous optim s ...
    
    skm_mls: set extra runs based on previous optim s ... done.
    
    skm_mls: optimizing on k <8> ... done.
    
    skm_mls: optimizing on k <9> ...
Flavor: r-patched-solaris-x86

Version: 0.1.5.4
Check: re-building of vignette outputs
Result: FAIL
Flavors: r-release-osx-x86_64, r-oldrel-osx-x86_64