CRAN Package Check Results for Package skmeans

Last updated on 2020-11-27 00:49:03 CET.

Flavor Version Tinstall Tcheck Ttotal Status Flags
r-devel-linux-x86_64-debian-clang 0.2-12 3.84 40.87 44.71 NOTE
r-devel-linux-x86_64-debian-gcc 0.2-12 2.65 33.11 35.76 NOTE
r-devel-linux-x86_64-fedora-clang 0.2-12 55.02 NOTE
r-devel-linux-x86_64-fedora-gcc 0.2-12 48.01 NOTE
r-devel-windows-ix86+x86_64 0.2-12 7.00 50.00 57.00 NOTE
r-patched-linux-x86_64 0.2-12 3.79 39.19 42.98 NOTE
r-patched-solaris-x86 0.2-12 66.80 NOTE
r-release-linux-x86_64 0.2-12 3.69 40.64 44.33 NOTE
r-release-macos-x86_64 0.2-12 NOTE
r-release-windows-ix86+x86_64 0.2-12 7.00 55.00 62.00 NOTE
r-oldrel-macos-x86_64 0.2-12 NOTE
r-oldrel-windows-ix86+x86_64 0.2-12 12.00 45.00 57.00 NOTE

Check Details

Version: 0.2-12
Check: package dependencies
Result: NOTE
    Package which this enhances but not available for checking: 'kmndirs'
Flavors: r-devel-linux-x86_64-debian-clang, r-devel-linux-x86_64-debian-gcc, r-devel-linux-x86_64-fedora-clang, r-devel-linux-x86_64-fedora-gcc, r-devel-windows-ix86+x86_64, r-patched-linux-x86_64, r-patched-solaris-x86, r-release-linux-x86_64, r-release-macos-x86_64, r-release-windows-ix86+x86_64, r-oldrel-macos-x86_64, r-oldrel-windows-ix86+x86_64

Version: 0.2-12
Check: dependencies in R code
Result: NOTE
    Unavailable namespace imported from by a ':::' call: 'kmndirs'
     See the note in ?`:::` about the use of this operator.
Flavors: r-devel-linux-x86_64-debian-clang, r-devel-linux-x86_64-debian-gcc, r-devel-linux-x86_64-fedora-clang, r-devel-linux-x86_64-fedora-gcc, r-devel-windows-ix86+x86_64, r-patched-linux-x86_64, r-patched-solaris-x86, r-release-linux-x86_64, r-release-macos-x86_64, r-release-windows-ix86+x86_64, r-oldrel-macos-x86_64, r-oldrel-windows-ix86+x86_64