CRAN Package Check Results for Package slasso

Last updated on 2024-07-24 19:54:17 CEST.

Flavor Version Tinstall Tcheck Ttotal Status Flags
r-devel-linux-x86_64-debian-clang 1.0.0 57.41 59.45 116.86 NOTE
r-devel-linux-x86_64-debian-gcc 1.0.0 37.83 45.88 83.71 NOTE
r-devel-linux-x86_64-fedora-clang 1.0.0 191.19 NOTE
r-devel-linux-x86_64-fedora-gcc 1.0.0 169.20 NOTE
r-devel-windows-x86_64 1.0.0 55.00 80.00 135.00 OK
r-patched-linux-x86_64 1.0.0 57.51 58.17 115.68 NOTE
r-release-linux-x86_64 1.0.0 36.30 57.53 93.83 NOTE
r-release-macos-arm64 1.0.0 42.00 NOTE
r-release-macos-x86_64 1.0.0 69.00 NOTE
r-release-windows-x86_64 1.0.0 65.00 79.00 144.00 OK
r-oldrel-macos-arm64 1.0.0 50.00 NOTE
r-oldrel-macos-x86_64 1.0.0 78.00 NOTE
r-oldrel-windows-x86_64 1.0.0 66.00 94.00 160.00 OK

Check Details

Version: 1.0.0
Check: C++ specification
Result: NOTE Specified C++11: please drop specification unless essential Flavors: r-devel-linux-x86_64-debian-clang, r-devel-linux-x86_64-debian-gcc, r-devel-linux-x86_64-fedora-clang, r-devel-linux-x86_64-fedora-gcc, r-patched-linux-x86_64, r-release-linux-x86_64, r-release-macos-arm64, r-release-macos-x86_64, r-oldrel-macos-arm64, r-oldrel-macos-x86_64

Version: 1.0.0
Check: dependencies in R code
Result: NOTE Namespace in Imports field not imported from: ‘RcppArmadillo’ All declared Imports should be used. Flavors: r-devel-linux-x86_64-fedora-clang, r-devel-linux-x86_64-fedora-gcc