CRAN Package Check Results for Package sleev

Last updated on 2022-10-06 19:49:19 CEST.

Flavor Version Tinstall Tcheck Ttotal Status Flags
r-devel-linux-x86_64-debian-clang 1.0.2 113.96 108.58 222.54 OK
r-devel-linux-x86_64-debian-gcc 1.0.2 90.67 141.60 232.27 OK
r-devel-linux-x86_64-fedora-clang 1.0.2 281.07 OK
r-devel-linux-x86_64-fedora-gcc 1.0.2 273.57 OK
r-devel-windows-x86_64 1.0.2 82.00 131.00 213.00 OK
r-patched-linux-x86_64 1.0.2 100.38 106.78 207.16 OK
r-release-linux-x86_64 1.0.2 104.80 101.31 206.11 OK
r-release-macos-arm64 1.0.2 78.00 NOTE
r-release-macos-x86_64 1.0.2 88.00 NOTE
r-release-windows-x86_64 1.0.2 76.00 125.00 201.00 OK
r-oldrel-macos-arm64 1.0.2 75.00 NOTE
r-oldrel-macos-x86_64 1.0.2 87.00 NOTE
r-oldrel-windows-ix86+x86_64 1.0.2 256.00 214.00 470.00 OK

Check Details

Version: 1.0.2
Check: installed package size
Result: NOTE
     installed size is 22.7Mb
     sub-directories of 1Mb or more:
     libs 22.3Mb
Flavors: r-release-macos-arm64, r-release-macos-x86_64, r-oldrel-macos-arm64, r-oldrel-macos-x86_64