Last updated on 2023-09-29 09:58:03 CEST.
Flavor | Version | Tinstall | Tcheck | Ttotal | Status | Flags |
---|---|---|---|---|---|---|
r-devel-linux-x86_64-debian-clang | 1.0.3 | 124.54 | 94.95 | 219.49 | OK | |
r-devel-linux-x86_64-debian-gcc | 1.0.3 | 88.83 | 112.82 | 201.65 | OK | |
r-devel-linux-x86_64-fedora-clang | 1.0.3 | 282.22 | OK | |||
r-devel-linux-x86_64-fedora-gcc | 1.0.3 | 308.35 | OK | |||
r-devel-windows-x86_64 | 1.0.3 | 83.00 | 101.00 | 184.00 | OK | |
r-patched-linux-x86_64 | 1.0.3 | 103.10 | 97.36 | 200.46 | OK | |
r-release-linux-x86_64 | 1.0.3 | 113.48 | 88.93 | 202.41 | OK | |
r-release-macos-arm64 | 1.0.3 | 66.00 | NOTE | |||
r-release-macos-x86_64 | 1.0.3 | 132.00 | NOTE | |||
r-release-windows-x86_64 | 1.0.3 | 104.00 | 144.00 | 248.00 | OK | |
r-oldrel-macos-arm64 | 1.0.3 | 67.00 | NOTE | |||
r-oldrel-macos-x86_64 | 1.0.3 | 101.00 | NOTE | |||
r-oldrel-windows-x86_64 | 1.0.3 | 99.00 | 106.00 | 205.00 | OK |
Version: 1.0.3
Check: installed package size
Result: NOTE
installed size is 20.7Mb
sub-directories of 1Mb or more:
libs 20.3Mb
Flavors: r-release-macos-arm64, r-release-macos-x86_64, r-oldrel-macos-arm64, r-oldrel-macos-x86_64