CRAN Package Check Results for Package slideview

Last updated on 2019-05-19 18:50:36 CEST.

Flavor Version Tinstall Tcheck Ttotal Status Flags
r-devel-linux-x86_64-debian-clang 0.1.0 6.70 60.76 67.46 OK
r-devel-linux-x86_64-debian-gcc 0.1.0 5.72 49.23 54.95 OK
r-devel-linux-x86_64-fedora-clang 0.1.0 87.32 NOTE
r-devel-linux-x86_64-fedora-gcc 0.1.0 93.17 NOTE
r-devel-windows-ix86+x86_64 0.1.0 18.00 97.00 115.00 OK
r-patched-linux-x86_64 0.1.0 7.50 61.38 68.88 OK
r-patched-solaris-x86 0.1.0 130.60 NOTE
r-release-linux-x86_64 0.1.0 6.88 61.91 68.79 OK
r-release-windows-ix86+x86_64 0.1.0 18.00 90.00 108.00 OK
r-release-osx-x86_64 0.1.0 NOTE
r-oldrel-windows-ix86+x86_64 0.1.0 11.00 91.00 102.00 OK
r-oldrel-osx-x86_64 0.1.0 NOTE

Check Details

Version: 0.1.0
Check: dependencies in R code
Result: NOTE
    Namespace in Imports field not imported from: ‘viridisLite’
     All declared Imports should be used.
Flavors: r-devel-linux-x86_64-fedora-clang, r-devel-linux-x86_64-fedora-gcc, r-patched-solaris-x86, r-release-osx-x86_64, r-oldrel-osx-x86_64