CRAN Package Check Results for Package slideview

Last updated on 2019-07-23 15:48:06 CEST.

Flavor Version Tinstall Tcheck Ttotal Status Flags
r-devel-linux-x86_64-debian-clang 0.1.0 7.47 61.29 68.76 OK
r-devel-linux-x86_64-debian-gcc 0.1.0 6.34 49.94 56.28 OK
r-devel-linux-x86_64-fedora-clang 0.1.0 85.66 NOTE
r-devel-linux-x86_64-fedora-gcc 0.1.0 83.80 NOTE
r-devel-windows-ix86+x86_64 0.1.0 12.00 89.00 101.00 OK
r-patched-linux-x86_64 0.1.0 6.43 61.82 68.25 OK
r-patched-solaris-x86 0.1.0 132.30 NOTE
r-release-linux-x86_64 0.1.0 6.27 61.28 67.55 OK
r-release-windows-ix86+x86_64 0.1.0 15.00 71.00 86.00 OK
r-release-osx-x86_64 0.1.0 NOTE
r-oldrel-windows-ix86+x86_64 0.1.0 10.00 64.00 74.00 OK
r-oldrel-osx-x86_64 0.1.0 NOTE

Check Details

Version: 0.1.0
Check: dependencies in R code
Result: NOTE
    Namespace in Imports field not imported from: ‘viridisLite’
     All declared Imports should be used.
Flavors: r-devel-linux-x86_64-fedora-clang, r-devel-linux-x86_64-fedora-gcc, r-patched-solaris-x86, r-release-osx-x86_64, r-oldrel-osx-x86_64