CRAN Package Check Results for Package slideview

Last updated on 2020-06-04 03:49:31 CEST.

Flavor Version Tinstall Tcheck Ttotal Status Flags
r-devel-linux-x86_64-debian-clang 0.1.0 8.05 69.42 77.47 OK
r-devel-linux-x86_64-debian-gcc 0.1.0 7.26 54.60 61.86 OK
r-devel-linux-x86_64-fedora-clang 0.1.0 104.90 NOTE
r-devel-linux-x86_64-fedora-gcc 0.1.0 96.76 NOTE
r-devel-windows-ix86+x86_64 0.1.0 21.00 104.00 125.00 OK
r-patched-linux-x86_64 0.1.0 8.84 69.97 78.81 OK
r-patched-solaris-x86 0.1.0 142.30 NOTE
r-release-linux-x86_64 0.1.0 7.70 69.67 77.37 OK
r-release-osx-x86_64 0.1.0 NOTE
r-release-windows-ix86+x86_64 0.1.0 13.00 98.00 111.00 OK
r-oldrel-osx-x86_64 0.1.0 NOTE
r-oldrel-windows-ix86+x86_64 0.1.0 20.00 75.00 95.00 OK

Check Details

Version: 0.1.0
Check: dependencies in R code
Result: NOTE
    Namespace in Imports field not imported from: ‘viridisLite’
     All declared Imports should be used.
Flavors: r-devel-linux-x86_64-fedora-clang, r-devel-linux-x86_64-fedora-gcc, r-patched-solaris-x86, r-release-osx-x86_64, r-oldrel-osx-x86_64