CRAN Package Check Results for Package slouch

Last updated on 2024-06-13 02:59:15 CEST.

Flavor Version Tinstall Tcheck Ttotal Status Flags
r-devel-linux-x86_64-debian-clang 2.1.5 2.86 79.36 82.22 OK
r-devel-linux-x86_64-debian-gcc 2.1.5 1.86 48.71 50.57 ERROR
r-devel-linux-x86_64-fedora-clang 2.1.5 102.51 OK
r-devel-linux-x86_64-fedora-gcc 2.1.5 114.73 OK
r-devel-windows-x86_64 2.1.5 3.00 78.00 81.00 OK
r-patched-linux-x86_64 2.1.5 2.39 76.49 78.88 OK
r-release-linux-x86_64 2.1.5 2.47 79.26 81.73 OK
r-release-macos-arm64 2.1.5 37.00 OK
r-release-macos-x86_64 2.1.5 55.00 OK
r-release-windows-x86_64 2.1.5 3.00 79.00 82.00 OK
r-oldrel-macos-arm64 2.1.5 40.00 OK
r-oldrel-macos-x86_64 2.1.5 77.00 OK
r-oldrel-windows-x86_64 2.1.5 4.00 89.00 93.00 OK

Check Details

Version: 2.1.5
Check: package dependencies
Result: NOTE Package suggested but not available for checking: ‘testthat’ Flavor: r-devel-linux-x86_64-debian-gcc

Version: 2.1.5
Check: tests
Result: ERROR Running ‘testthat.R’ [0s/1s] Running the tests in ‘tests/testthat.R’ failed. Complete output: > library(testthat) Error in library(testthat) : there is no package called 'testthat' Execution halted Flavor: r-devel-linux-x86_64-debian-gcc