Last updated on 2022-05-20 12:53:36 CEST.
Flavor | Version | Tinstall | Tcheck | Ttotal | Status | Flags |
---|---|---|---|---|---|---|
r-devel-linux-x86_64-debian-clang | 0.1.1 | 2.45 | 96.32 | 98.77 | OK | |
r-devel-linux-x86_64-debian-gcc | 0.1.1 | 1.81 | 77.37 | 79.18 | OK | |
r-devel-linux-x86_64-fedora-clang | 0.1.1 | 113.69 | NOTE | |||
r-devel-linux-x86_64-fedora-gcc | 0.1.1 | 124.51 | NOTE | |||
r-devel-windows-x86_64 | 0.1.1 | 20.00 | 118.00 | 138.00 | OK | |
r-patched-linux-x86_64 | 0.1.1 | 2.32 | 92.56 | 94.88 | OK | |
r-release-linux-x86_64 | 0.1.1 | 1.41 | 98.00 | 99.41 | OK | |
r-release-macos-arm64 | 0.1.1 | 44.00 | NOTE | |||
r-release-macos-x86_64 | 0.1.1 | 51.00 | NOTE | |||
r-release-windows-x86_64 | 0.1.1 | 23.00 | 118.00 | 141.00 | OK | |
r-oldrel-macos-arm64 | 0.1.1 | 69.00 | NOTE | |||
r-oldrel-macos-x86_64 | 0.1.1 | 72.00 | NOTE | |||
r-oldrel-windows-ix86+x86_64 | 0.1.1 | 6.00 | 109.00 | 115.00 | OK |
Version: 0.1.1
Check: data for non-ASCII characters
Result: NOTE
Note: found 2 marked Latin-1 strings
Flavors: r-devel-linux-x86_64-fedora-clang, r-devel-linux-x86_64-fedora-gcc, r-release-macos-arm64, r-release-macos-x86_64, r-oldrel-macos-arm64, r-oldrel-macos-x86_64