Last updated on 2022-08-17 06:51:29 CEST.
Flavor | Version | Tinstall | Tcheck | Ttotal | Status | Flags |
---|---|---|---|---|---|---|
r-devel-linux-x86_64-debian-clang | 1.0-5 | 8.27 | 79.04 | 87.31 | NOTE | |
r-devel-linux-x86_64-debian-gcc | 1.0-5 | NOTE | ||||
r-devel-linux-x86_64-fedora-clang | 1.0-5 | 115.59 | NOTE | |||
r-devel-linux-x86_64-fedora-gcc | 1.0-5 | 119.35 | NOTE | |||
r-devel-windows-x86_64 | 1.0-5 | 16.00 | 102.00 | 118.00 | NOTE | |
r-patched-linux-x86_64 | 1.0-5 | 9.02 | 75.05 | 84.07 | OK | |
r-release-linux-x86_64 | 1.0-5 | 9.45 | 75.66 | 85.11 | OK | |
r-release-macos-arm64 | 1.0-5 | 37.00 | OK | |||
r-release-macos-x86_64 | 1.0-5 | 51.00 | OK | |||
r-release-windows-x86_64 | 1.0-5 | 20.00 | 110.00 | 130.00 | OK | |
r-oldrel-macos-arm64 | 1.0-5 | 48.00 | OK | |||
r-oldrel-macos-x86_64 | 1.0-5 | 68.00 | OK | |||
r-oldrel-windows-ix86+x86_64 | 1.0-5 | 23.00 | 129.00 | 152.00 | OK |
Version: 1.0-5
Check: Rd files
Result: NOTE
checkRd: (-1) slp-package.Rd:38: Escaped LaTeX specials: \&
Flavors: r-devel-linux-x86_64-debian-clang, r-devel-linux-x86_64-debian-gcc, r-devel-linux-x86_64-fedora-clang, r-devel-linux-x86_64-fedora-gcc, r-devel-windows-x86_64
Version: 1.0-5
Check: compiled code
Result: NOTE
File ‘slp/libs/slp.so’:
Found no calls to: ‘R_registerRoutines’, ‘R_useDynamicSymbols’
It is good practice to register native routines and to disable symbol
search.
See ‘Writing portable packages’ in the ‘Writing R Extensions’ manual.
Flavors: r-devel-linux-x86_64-fedora-clang, r-devel-linux-x86_64-fedora-gcc