CRAN Package Check Results for Package sm

Last updated on 2021-09-20 14:51:23 CEST.

Flavor Version Tinstall Tcheck Ttotal Status Flags
r-devel-linux-x86_64-debian-clang 2.2-5.7 15.96 83.24 99.20 OK
r-devel-linux-x86_64-debian-gcc 2.2-5.7 13.66 61.19 74.85 OK
r-devel-linux-x86_64-fedora-clang 2.2-5.7 131.67 OK
r-devel-linux-x86_64-fedora-gcc 2.2-5.7 121.76 OK
r-devel-windows-x86_64 2.2-5.7 22.00 80.00 102.00 OK
r-devel-windows-x86_64-gcc10-UCRT 2.2-5.7 ERROR
r-patched-linux-x86_64 2.2-5.7 15.92 80.15 96.07 OK
r-patched-solaris-x86 2.2-5.7 142.50 OK
r-release-linux-x86_64 2.2-5.7 14.87 81.62 96.49 OK
r-release-macos-arm64 2.2-5.7 OK
r-release-macos-x86_64 2.2-5.7 OK
r-release-windows-ix86+x86_64 2.2-5.7 26.00 102.00 128.00 OK
r-oldrel-macos-x86_64 2.2-5.7 OK
r-oldrel-windows-ix86+x86_64 2.2-5.7 31.00 119.00 150.00 OK

Check Details

Version: 2.2-5.7
Check: whether package can be installed
Result: ERROR
    Installation failed.
Flavor: r-devel-windows-x86_64-gcc10-UCRT