Last updated on 2022-06-26 21:54:04 CEST.
Flavor | Version | Tinstall | Tcheck | Ttotal | Status | Flags |
---|---|---|---|---|---|---|
r-devel-linux-x86_64-debian-clang | 2.2-5.7 | 21.32 | 84.10 | 105.42 | NOTE | |
r-devel-linux-x86_64-debian-gcc | 2.2-5.7 | 14.76 | 63.84 | 78.60 | NOTE | |
r-devel-linux-x86_64-fedora-clang | 2.2-5.7 | 132.53 | NOTE | |||
r-devel-linux-x86_64-fedora-gcc | 2.2-5.7 | 135.24 | NOTE | |||
r-devel-windows-x86_64 | 2.2-5.7 | 85.00 | 108.00 | 193.00 | NOTE | |
r-patched-linux-x86_64 | 2.2-5.7 | 18.22 | 80.95 | 99.17 | OK | |
r-release-linux-x86_64 | 2.2-5.7 | 16.11 | 81.46 | 97.57 | OK | |
r-release-macos-arm64 | 2.2-5.7 | 37.00 | OK | |||
r-release-macos-x86_64 | 2.2-5.7 | 52.00 | OK | |||
r-release-windows-x86_64 | 2.2-5.7 | 83.00 | 109.00 | 192.00 | OK | |
r-oldrel-macos-arm64 | 2.2-5.7 | 38.00 | OK | |||
r-oldrel-macos-x86_64 | 2.2-5.7 | 69.00 | OK | |||
r-oldrel-windows-ix86+x86_64 | 2.2-5.7 | 35.00 | 118.00 | 153.00 | OK |
Version: 2.2-5.7
Check: Rd files
Result: NOTE
checkRd: (-1) sm.ancova.Rd:78: Escaped LaTeX specials: \&
checkRd: (-1) sm.ancova.Rd:79: Escaped LaTeX specials: \&
checkRd: (-1) sm.discontinuity.Rd:99: Escaped LaTeX specials: \&
checkRd: (-1) sm.sigma.Rd:38: Escaped LaTeX specials: \&
checkRd: (-1) sm.sigma.Rd:41: Escaped LaTeX specials: \&
checkRd: (-1) sm.sigma2.compare.Rd:27: Escaped LaTeX specials: \&
checkRd: (-1) sm.sigma2.compare.Rd:30: Escaped LaTeX specials: \&
Flavors: r-devel-linux-x86_64-debian-clang, r-devel-linux-x86_64-debian-gcc, r-devel-linux-x86_64-fedora-clang, r-devel-linux-x86_64-fedora-gcc, r-devel-windows-x86_64