CRAN Package Check Results for Package smacof

Last updated on 2021-09-18 18:53:00 CEST.

Flavor Version Tinstall Tcheck Ttotal Status Flags
r-devel-linux-x86_64-debian-clang 2.1-3 25.62 341.39 367.01 OK
r-devel-linux-x86_64-debian-gcc 2.1-3 18.53 246.84 265.37 OK
r-devel-linux-x86_64-fedora-clang 2.1-3 437.01 NOTE
r-devel-linux-x86_64-fedora-gcc 2.1-3 439.53 NOTE
r-devel-windows-x86_64 2.1-3 28.00 391.00 419.00 OK
r-devel-windows-x86_64-gcc10-UCRT 2.1-3 NOTE
r-patched-linux-x86_64 2.1-3 27.13 326.03 353.16 OK
r-patched-solaris-x86 2.1-3 538.80 NOTE
r-release-linux-x86_64 2.1-3 22.58 321.89 344.47 OK
r-release-macos-arm64 2.1-3 NOTE
r-release-macos-x86_64 2.1-3 NOTE
r-release-windows-ix86+x86_64 2.1-3 53.00 363.00 416.00 OK
r-oldrel-macos-x86_64 2.1-3 NOTE
r-oldrel-windows-ix86+x86_64 2.1-3 52.00 352.00 404.00 OK

Check Details

Version: 2.1-3
Check: data for non-ASCII characters
Result: NOTE
     Note: found 15 marked Latin-1 strings
     Note: found 2 marked UTF-8 strings
Flavors: r-devel-linux-x86_64-fedora-clang, r-devel-linux-x86_64-fedora-gcc, r-devel-windows-x86_64-gcc10-UCRT, r-patched-solaris-x86, r-release-macos-arm64, r-release-macos-x86_64, r-oldrel-macos-x86_64