CRAN Package Check Results for Package smacof

Last updated on 2019-08-22 13:46:25 CEST.

Flavor Version Tinstall Tcheck Ttotal Status Flags
r-devel-linux-x86_64-debian-clang 2.0-0 20.97 368.55 389.52 OK
r-devel-linux-x86_64-debian-gcc 2.0-0 14.11 264.92 279.03 OK
r-devel-linux-x86_64-fedora-clang 2.0-0 433.47 NOTE
r-devel-linux-x86_64-fedora-gcc 2.0-0 471.24 NOTE
r-devel-windows-ix86+x86_64 2.0-0 74.00 576.00 650.00 OK
r-patched-linux-x86_64 2.0-0 15.81 347.10 362.91 OK
r-patched-solaris-x86 2.0-0 533.90 NOTE
r-release-linux-x86_64 2.0-0 18.90 346.94 365.84 OK
r-release-windows-ix86+x86_64 2.0-0 83.00 0.00 83.00 FAIL
r-release-osx-x86_64 2.0-0 NOTE
r-oldrel-windows-ix86+x86_64 2.0-0 58.00 528.00 586.00 OK
r-oldrel-osx-x86_64 2.0-0 NOTE

Check Details

Version: 2.0-0
Check: data for non-ASCII characters
Result: NOTE
     Note: found 15 marked Latin-1 strings
     Note: found 2 marked UTF-8 strings
Flavors: r-devel-linux-x86_64-fedora-clang, r-devel-linux-x86_64-fedora-gcc, r-patched-solaris-x86, r-release-osx-x86_64, r-oldrel-osx-x86_64

Version: 2.0-0
Check: package dependencies
Result: FAIL
    Check process probably crashed or hung up for 20 minutes ... killed
    Most likely this happened in the example checks (?),
    if not, ignore the following last lines of example output:
    
    ======== End of example output (where/before crash/hang up occured ?) ========
Flavor: r-release-windows-ix86+x86_64