Last updated on 2023-09-28 20:56:58 CEST.
Flavor | Version | Tinstall | Tcheck | Ttotal | Status | Flags |
---|---|---|---|---|---|---|
r-devel-linux-x86_64-debian-clang | 2.1-5 | 25.72 | 386.08 | 411.80 | OK | |
r-devel-linux-x86_64-debian-gcc | 2.1-5 | 21.57 | 276.95 | 298.52 | OK | |
r-devel-linux-x86_64-fedora-clang | 2.1-5 | 510.33 | NOTE | |||
r-devel-linux-x86_64-fedora-gcc | 2.1-5 | 510.47 | NOTE | |||
r-devel-windows-x86_64 | 2.1-5 | 28.00 | 301.00 | 329.00 | OK | |
r-patched-linux-x86_64 | 2.1-5 | 32.25 | 351.21 | 383.46 | OK | |
r-release-linux-x86_64 | 2.1-5 | 25.51 | 366.51 | 392.02 | OK | |
r-release-macos-arm64 | 2.1-5 | 146.00 | OK | |||
r-release-macos-x86_64 | 2.1-5 | 217.00 | OK | |||
r-release-windows-x86_64 | 2.1-5 | 34.00 | 383.00 | 417.00 | OK | |
r-oldrel-macos-arm64 | 2.1-5 | 88.00 | NOTE | |||
r-oldrel-macos-x86_64 | 2.1-5 | 179.00 | NOTE | |||
r-oldrel-windows-x86_64 | 2.1-5 | 34.00 | 371.00 | 405.00 | OK |
Version: 2.1-5
Check: data for non-ASCII characters
Result: NOTE
Note: found 15 marked Latin-1 strings
Note: found 2 marked UTF-8 strings
Flavors: r-devel-linux-x86_64-fedora-clang, r-devel-linux-x86_64-fedora-gcc, r-oldrel-macos-arm64, r-oldrel-macos-x86_64