CRAN Package Check Results for Package smapr

Last updated on 2019-06-16 20:47:19 CEST.

Flavor Version Tinstall Tcheck Ttotal Status Flags
r-devel-linux-x86_64-debian-clang 0.2.1 7.26 69.14 76.40 OK
r-devel-linux-x86_64-debian-gcc 0.2.1 6.40 56.47 62.87 OK
r-devel-linux-x86_64-fedora-clang 0.2.1 96.29 OK
r-devel-linux-x86_64-fedora-gcc 0.2.1 94.54 OK
r-devel-windows-ix86+x86_64 0.2.1 22.00 112.00 134.00 OK
r-patched-linux-x86_64 0.2.1 6.39 69.97 76.36 OK
r-patched-solaris-x86 0.2.1 168.50 OK
r-release-linux-x86_64 0.2.1 8.08 72.26 80.34 OK
r-release-windows-ix86+x86_64 0.2.1 17.00 109.00 126.00 OK
r-release-osx-x86_64 0.2.1 ERROR
r-oldrel-windows-ix86+x86_64 0.2.1 10.00 106.00 116.00 OK
r-oldrel-osx-x86_64 0.2.1 OK

Check Details

Version: 0.2.1
Check: package dependencies
Result: ERROR
    Package required but not available: ‘rhdf5’
    
    See section ‘The DESCRIPTION file’ in the ‘Writing R Extensions’
    manual.
Flavor: r-release-osx-x86_64