CRAN Package Check Results for Package smapr

Last updated on 2022-10-04 21:53:53 CEST.

Flavor Version Tinstall Tcheck Ttotal Status Flags
r-devel-linux-x86_64-debian-clang 0.2.1 24.75 284.80 309.55 NOTE
r-devel-linux-x86_64-debian-gcc 0.2.1 25.82 209.08 234.90 NOTE
r-devel-linux-x86_64-fedora-clang 0.2.1 398.16 NOTE
r-devel-linux-x86_64-fedora-gcc 0.2.1 381.21 NOTE
r-devel-windows-x86_64 0.2.1 36.00 270.00 306.00 NOTE
r-patched-linux-x86_64 0.2.1 23.17 282.22 305.39 NOTE
r-release-linux-x86_64 0.2.1 27.66 280.55 308.21 NOTE
r-release-macos-arm64 0.2.1 76.00 NOTE
r-release-macos-x86_64 0.2.1 110.00 NOTE
r-release-windows-x86_64 0.2.1 36.00 282.00 318.00 NOTE
r-oldrel-macos-arm64 0.2.1 40.00 NOTE
r-oldrel-macos-x86_64 0.2.1 62.00 NOTE
r-oldrel-windows-ix86+x86_64 0.2.1 62.00 269.00 331.00 NOTE

Check Details

Version: 0.2.1
Check: LazyData
Result: NOTE
     'LazyData' is specified without a 'data' directory
Flavors: r-devel-linux-x86_64-debian-clang, r-devel-linux-x86_64-debian-gcc, r-devel-linux-x86_64-fedora-clang, r-devel-linux-x86_64-fedora-gcc, r-devel-windows-x86_64, r-patched-linux-x86_64, r-release-linux-x86_64, r-release-macos-arm64, r-release-macos-x86_64, r-release-windows-x86_64, r-oldrel-macos-arm64, r-oldrel-macos-x86_64, r-oldrel-windows-ix86+x86_64