CRAN Package Check Results for Package smapr

Last updated on 2019-04-21 22:47:38 CEST.

Flavor Version Tinstall Tcheck Ttotal Status Flags
r-devel-linux-x86_64-debian-clang 0.2.0 7.39 70.47 77.86 OK
r-devel-linux-x86_64-debian-gcc 0.2.0 6.31 56.39 62.70 OK
r-devel-linux-x86_64-fedora-clang 0.2.0 97.55 OK
r-devel-linux-x86_64-fedora-gcc 0.2.0 91.88 OK
r-devel-windows-ix86+x86_64 0.2.0 21.00 76.00 97.00 OK
r-patched-linux-x86_64 0.2.0 7.45 70.13 77.58 OK
r-patched-solaris-x86 0.2.0 129.60 ERROR
r-release-linux-x86_64 0.2.0 4.04 68.84 72.88 OK
r-release-windows-ix86+x86_64 0.2.0 9.00 80.00 89.00 OK
r-release-osx-x86_64 0.2.0 OK
r-oldrel-windows-ix86+x86_64 0.2.0 8.00 113.00 121.00 OK
r-oldrel-osx-x86_64 0.2.0 OK

Check Details

Version: 0.2.0
Check: tests
Result: ERROR
     Running ‘testthat.R’ [5s/15s]
    Running the tests in ‘tests/testthat.R’ failed.
    Complete output:
     > library(testthat)
     > library(smapr)
     >
     > test_check("smapr")
     ── 1. Error: Incorrect credentials cause a 401 error (@test-zzz.R#23) ─────────
     Timeout was reached: Operation timed out after 10000 milliseconds with 0 out of 0 bytes received
     1: httr::GET(handle = tmp_handle, config = httr::authenticate("fakeuser", "fakepass")) at testthat/test-zzz.R:23
     2: request_perform(req, hu$handle$handle)
     3: request_fetch(req$output, req$url, handle)
     4: request_fetch.write_memory(req$output, req$url, handle)
     5: curl::curl_fetch_memory(url, handle = handle)
    
     ══ testthat results ═══════════════════════════════════════════════════════════
     OK: 4 SKIPPED: 33 FAILED: 1
     1. Error: Incorrect credentials cause a 401 error (@test-zzz.R#23)
    
     Error: testthat unit tests failed
     Execution halted
Flavor: r-patched-solaris-x86