CRAN Package Check Results for Package smartR

Last updated on 2019-07-21 10:46:23 CEST.

Flavor Version Tinstall Tcheck Ttotal Status Flags
r-devel-linux-x86_64-debian-clang 0.62.0 38.19 243.20 281.39 OK
r-devel-linux-x86_64-debian-gcc 0.62.0 33.58 188.98 222.56 OK
r-devel-linux-x86_64-fedora-clang 0.62.0 360.34 OK
r-devel-linux-x86_64-fedora-gcc 0.62.0 337.72 OK
r-devel-windows-ix86+x86_64 0.62.0 68.00 359.00 427.00 OK
r-patched-linux-x86_64 0.62.0 38.40 235.63 274.03 OK
r-patched-solaris-x86 0.62.0 588.10 OK
r-release-linux-x86_64 0.62.0 40.12 239.30 279.42 OK
r-release-windows-ix86+x86_64 0.62.0 74.00 231.00 305.00 OK
r-release-osx-x86_64 0.62.0 ERROR
r-oldrel-windows-ix86+x86_64 0.62.0 75.00 354.00 429.00 OK
r-oldrel-osx-x86_64 0.62.0 ERROR

Check Details

Version: 0.62.0
Check: package dependencies
Result: ERROR
    Package required but not available: ‘gWidgets2RGtk2’
    
    See section ‘The DESCRIPTION file’ in the ‘Writing R Extensions’
    manual.
Flavors: r-release-osx-x86_64, r-oldrel-osx-x86_64