CRAN Package Check Results for Package smartdata

Last updated on 2020-06-01 21:50:47 CEST.

Flavor Version Tinstall Tcheck Ttotal Status Flags
r-devel-linux-x86_64-debian-clang 1.0.3 6.87 240.00 246.87 OK
r-devel-linux-x86_64-debian-gcc 1.0.3 5.94 169.34 175.28 OK
r-devel-linux-x86_64-fedora-clang 1.0.3 298.65 NOTE
r-devel-linux-x86_64-fedora-gcc 1.0.3 269.84 NOTE
r-devel-windows-ix86+x86_64 1.0.3 40.00 287.00 327.00 OK
r-patched-linux-x86_64 1.0.3 7.11 228.84 235.95 OK
r-release-linux-x86_64 1.0.3 6.03 229.06 235.09 OK
r-release-osx-x86_64 1.0.3 WARN
r-release-windows-ix86+x86_64 1.0.3 28.00 304.00 332.00 OK
r-oldrel-osx-x86_64 1.0.3 NOTE
r-oldrel-windows-ix86+x86_64 1.0.3 16.00 235.00 251.00 OK

Check Details

Version: 1.0.3
Check: package dependencies
Result: NOTE
    Imports includes 23 non-default packages.
    Importing from so many packages makes the package vulnerable to any of
    them becoming unavailable. Move as many as possible to Suggests and
    use conditionally.
Flavor: r-devel-linux-x86_64-fedora-clang

Version: 1.0.3
Check: dependencies in R code
Result: NOTE
    Namespaces in Imports field not imported from:
     ‘Amelia’ ‘Boruta’ ‘DMwR’ ‘MVN’ ‘NoiseFiltersR’ ‘VIM’ ‘adaptiveGPCA’
     ‘class’ ‘clusterSim’ ‘denoiseR’ ‘discretization’ ‘imbalance’ ‘lle’
     ‘missForest’ ‘missMDA’ ‘outliers’ ‘unbalanced’
     All declared Imports should be used.
Flavors: r-devel-linux-x86_64-fedora-clang, r-devel-linux-x86_64-fedora-gcc, r-release-osx-x86_64, r-oldrel-osx-x86_64

Version: 1.0.3
Check: re-building of vignette outputs
Result: WARN
    Error(s) in re-building vignettes:
    --- re-building ‘smartdata.Rmd’ using rmarkdown
    Loading required package: mice
    
    Attaching package: 'mice'
    
    The following objects are masked from 'package:base':
    
     cbind, rbind
    
    Loading required namespace: testthat
    dyld: lazy symbol binding failed: Symbol not found: ____chkstk_darwin
     Referenced from: /usr/local/bin/pandoc (which was built for Mac OS X 10.15)
     Expected in: /usr/lib/libSystem.B.dylib
    
    dyld: Symbol not found: ____chkstk_darwin
     Referenced from: /usr/local/bin/pandoc (which was built for Mac OS X 10.15)
     Expected in: /usr/lib/libSystem.B.dylib
    
    Error: processing vignette 'smartdata.Rmd' failed with diagnostics:
    pandoc document conversion failed with error 6
    --- failed re-building ‘smartdata.Rmd’
    
    --- re-building ‘smartdata_dev.Rmd’ using rmarkdown
    dyld: lazy symbol binding failed: Symbol not found: ____chkstk_darwin
     Referenced from: /usr/local/bin/pandoc (which was built for Mac OS X 10.15)
     Expected in: /usr/lib/libSystem.B.dylib
    
    dyld: Symbol not found: ____chkstk_darwin
     Referenced from: /usr/local/bin/pandoc (which was built for Mac OS X 10.15)
     Expected in: /usr/lib/libSystem.B.dylib
    
    Error: processing vignette 'smartdata_dev.Rmd' failed with diagnostics:
    pandoc document conversion failed with error 6
    --- failed re-building ‘smartdata_dev.Rmd’
    
    SUMMARY: processing the following files failed:
     ‘smartdata.Rmd’ ‘smartdata_dev.Rmd’
    
    Error: Vignette re-building failed.
    Execution halted
Flavor: r-release-osx-x86_64