CRAN Package Check Results for Package smartdata

Last updated on 2019-11-14 04:50:50 CET.

Flavor Version Tinstall Tcheck Ttotal Status Flags
r-devel-linux-x86_64-debian-clang 1.0.2 10.06 270.73 280.79 OK
r-devel-linux-x86_64-debian-gcc 1.0.2 9.29 188.95 198.24 OK
r-devel-linux-x86_64-fedora-clang 1.0.2 318.40 NOTE
r-devel-linux-x86_64-fedora-gcc 1.0.2 314.22 NOTE
r-devel-windows-ix86+x86_64 1.0.2 45.00 246.00 291.00 OK
r-patched-linux-x86_64 1.0.2 8.14 247.47 255.61 OK
r-release-linux-x86_64 1.0.2 7.60 247.55 255.15 OK
r-release-windows-ix86+x86_64 1.0.2 27.00 355.00 382.00 OK
r-release-osx-x86_64 1.0.2 NOTE
r-oldrel-windows-ix86+x86_64 1.0.2 15.00 396.00 411.00 OK
r-oldrel-osx-x86_64 1.0.2 NOTE

Check Details

Version: 1.0.2
Check: dependencies in R code
Result: NOTE
    Namespaces in Imports field not imported from:
     ‘Amelia’ ‘Boruta’ ‘DMwR’ ‘MVN’ ‘NoiseFiltersR’ ‘VIM’ ‘adaptiveGPCA’
     ‘class’ ‘clusterSim’ ‘denoiseR’ ‘discretization’ ‘imbalance’ ‘lle’
     ‘missForest’ ‘missMDA’ ‘outliers’ ‘unbalanced’
     All declared Imports should be used.
Flavors: r-devel-linux-x86_64-fedora-clang, r-devel-linux-x86_64-fedora-gcc, r-release-osx-x86_64, r-oldrel-osx-x86_64