CRAN Package Check Results for Package smbinning

Last updated on 2019-07-20 09:48:25 CEST.

Flavor Version Tinstall Tcheck Ttotal Status Flags
r-devel-linux-x86_64-debian-clang 0.9 12.68 120.28 132.96 OK
r-devel-linux-x86_64-debian-gcc 0.9 10.53 92.58 103.11 OK
r-devel-linux-x86_64-fedora-clang 0.9 167.80 OK
r-devel-linux-x86_64-fedora-gcc 0.9 160.99 OK
r-devel-windows-ix86+x86_64 0.9 32.00 113.00 145.00 OK
r-patched-linux-x86_64 0.9 11.90 119.44 131.34 OK
r-patched-solaris-x86 0.9 200.10 OK
r-release-linux-x86_64 0.9 12.19 119.69 131.88 OK
r-release-windows-ix86+x86_64 0.9 22.00 114.00 136.00 OK
r-release-osx-x86_64 0.9 FAIL
r-oldrel-windows-ix86+x86_64 0.9 13.00 147.00 160.00 OK
r-oldrel-osx-x86_64 0.9 OK

Check Details

Version: 0.9
Check: R code for possible problems
Result: FAIL
    
Flavor: r-release-osx-x86_64