CRAN Package Check Results for Package smdi

Last updated on 2024-02-24 18:55:04 CET.

Flavor Version Tinstall Tcheck Ttotal Status Flags
r-devel-linux-x86_64-debian-clang 0.2.2 17.45 575.16 592.61 NOTE
r-devel-linux-x86_64-debian-gcc 0.2.2 13.53 417.66 431.19 NOTE
r-devel-linux-x86_64-fedora-clang 0.2.2 713.05 NOTE
r-devel-linux-x86_64-fedora-gcc 0.2.2 705.86 NOTE
r-devel-windows-x86_64 0.2.2 16.00 464.00 480.00 OK
r-patched-linux-x86_64 0.2.2 22.16 539.70 561.86 OK
r-release-linux-x86_64 0.2.2 15.65 533.19 548.84 OK
r-release-macos-arm64 0.2.2 186.00 OK
r-release-macos-x86_64 0.2.2 266.00 OK
r-release-windows-x86_64 0.2.2 21.00 542.00 563.00 OK
r-oldrel-macos-arm64 0.2.2 167.00 OK
r-oldrel-windows-x86_64 0.2.2 20.00 553.00 573.00 OK

Check Details

Version: 0.2.2
Check: Rd files
Result: NOTE checkRd: (-1) smdi_diagnose.Rd:49: Lost braces; missing escapes or markup? 49 | \item asmd_{mean/median}: average/median absolute standardized mean difference (and min, max) of patient characteristics between those without (1) and with (0) observed covariate | ^ Flavors: r-devel-linux-x86_64-debian-clang, r-devel-linux-x86_64-debian-gcc, r-devel-linux-x86_64-fedora-clang, r-devel-linux-x86_64-fedora-gcc