CRAN Package Check Results for Package smds

Last updated on 2020-04-01 06:48:23 CEST.

Flavor Version Tinstall Tcheck Ttotal Status Flags
r-devel-linux-x86_64-debian-clang 1.0 3.95 21.70 25.65 NOTE
r-devel-linux-x86_64-debian-gcc 1.0 2.95 17.66 20.61 NOTE
r-devel-linux-x86_64-fedora-clang 1.0 33.50 NOTE
r-devel-linux-x86_64-fedora-gcc 1.0 31.79 NOTE
r-devel-windows-ix86+x86_64 1.0 13.00 41.00 54.00 NOTE
r-devel-windows-ix86+x86_64-gcc8 1.0 11.00 50.00 61.00 NOTE
r-patched-linux-x86_64 1.0 3.57 21.76 25.33 NOTE
r-patched-solaris-x86 1.0 50.80 NOTE
r-release-linux-x86_64 1.0 3.36 20.06 23.42 NOTE
r-release-windows-ix86+x86_64 1.0 10.00 64.00 74.00 NOTE
r-release-osx-x86_64 1.0 NOTE
r-oldrel-windows-ix86+x86_64 1.0 12.00 53.00 65.00 NOTE
r-oldrel-osx-x86_64 1.0 NOTE

Check Details

Version: 1.0
Check: R code for possible problems
Result: NOTE
    Grad.sph: no visible global function definition for 'dist'
    IMDS: no visible global function definition for 'cmdscale'
    IMDS: no visible global function definition for 'as.dist'
    IMDS: no visible global function definition for 'runif'
    IMDS: no visible global function definition for 'optim'
    idistSph: no visible global function definition for 'dist'
    obj.sph: no visible global function definition for 'dist'
    plot.imds: no visible binding for global variable 'lines'
    plot.imds: no visible global function definition for 'text'
    plot.imds: no visible global function definition for 'rect'
    Undefined global functions or variables:
     as.dist cmdscale dist lines optim rect runif text
    Consider adding
     importFrom("graphics", "lines", "rect", "text")
     importFrom("stats", "as.dist", "cmdscale", "dist", "optim", "runif")
    to your NAMESPACE file.
Flavors: r-devel-linux-x86_64-debian-clang, r-devel-linux-x86_64-debian-gcc, r-devel-linux-x86_64-fedora-clang, r-devel-linux-x86_64-fedora-gcc, r-devel-windows-ix86+x86_64, r-devel-windows-ix86+x86_64-gcc8, r-patched-linux-x86_64, r-patched-solaris-x86

Version: 1.0
Check: compiled code
Result: NOTE
    File ‘smds/libs/smds.so’:
     Found no calls to: ‘R_registerRoutines’, ‘R_useDynamicSymbols’
    
    It is good practice to register native routines and to disable symbol
    search.
    
    See ‘Writing portable packages’ in the ‘Writing R Extensions’ manual.
Flavors: r-devel-linux-x86_64-fedora-clang, r-devel-linux-x86_64-fedora-gcc

Version: 1.0
Check: R code for possible problems
Result: NOTE
    Grad.sph: no visible global function definition for ‘dist’
    IMDS: no visible global function definition for ‘cmdscale’
    IMDS: no visible global function definition for ‘as.dist’
    IMDS: no visible global function definition for ‘runif’
    IMDS: no visible global function definition for ‘optim’
    idistSph: no visible global function definition for ‘dist’
    obj.sph: no visible global function definition for ‘dist’
    plot.imds: no visible binding for global variable ‘lines’
    plot.imds: no visible global function definition for ‘plot’
    plot.imds: no visible global function definition for ‘text’
    plot.imds: no visible global function definition for ‘rect’
    Undefined global functions or variables:
     as.dist cmdscale dist lines optim plot rect runif text
    Consider adding
     importFrom("graphics", "lines", "plot", "rect", "text")
     importFrom("stats", "as.dist", "cmdscale", "dist", "optim", "runif")
    to your NAMESPACE file.
Flavors: r-release-linux-x86_64, r-release-windows-ix86+x86_64, r-release-osx-x86_64, r-oldrel-windows-ix86+x86_64, r-oldrel-osx-x86_64