CRAN Package Check Results for Package smile

Last updated on 2022-07-04 06:51:36 CEST.

Flavor Version Tinstall Tcheck Ttotal Status Flags
r-devel-linux-x86_64-debian-clang 1.0.4.1 57.23 144.98 202.21 OK
r-devel-linux-x86_64-debian-gcc 1.0.4.1 50.46 109.91 160.37 OK
r-devel-linux-x86_64-fedora-clang 1.0.4.1 267.94 NOTE
r-devel-linux-x86_64-fedora-gcc 1.0.4.1 260.18 OK
r-devel-windows-x86_64 1.0.4.1 80.00 193.00 273.00 NOTE
r-patched-linux-x86_64 1.0.4.1 53.54 141.15 194.69 OK
r-release-linux-x86_64 1.0.4.1 48.52 139.29 187.81 OK
r-release-macos-arm64 1.0.4.1 74.00 NOTE
r-release-macos-x86_64 1.0.4.1 110.00 NOTE
r-release-windows-x86_64 1.0.4.1 71.00 196.00 267.00 NOTE
r-oldrel-macos-arm64 1.0.4.1 78.00 NOTE
r-oldrel-macos-x86_64 1.0.4.1 106.00 NOTE
r-oldrel-windows-ix86+x86_64 1.0.4.1 140.00 225.00 365.00 NOTE

Check Details

Version: 1.0.4.1
Check: installed package size
Result: NOTE
     installed size is 6.9Mb
     sub-directories of 1Mb or more:
     data 4.6Mb
     libs 1.4Mb
Flavors: r-devel-linux-x86_64-fedora-clang, r-devel-windows-x86_64, r-release-macos-arm64, r-release-macos-x86_64, r-release-windows-x86_64, r-oldrel-macos-arm64, r-oldrel-macos-x86_64, r-oldrel-windows-ix86+x86_64