CRAN Package Check Results for Package smnet

Last updated on 2021-10-22 22:56:47 CEST.

Flavor Version Tinstall Tcheck Ttotal Status Flags
r-devel-linux-x86_64-debian-clang 2.1.2 15.29 138.93 154.22 OK
r-devel-linux-x86_64-debian-gcc 2.1.2 12.30 106.54 118.84 OK
r-devel-linux-x86_64-fedora-clang 2.1.2 200.16 OK
r-devel-linux-x86_64-fedora-gcc 2.1.2 185.41 OK
r-devel-windows-x86_64 2.1.2 30.00 135.00 165.00 OK
r-devel-windows-x86_64-gcc10-UCRT 2.1.2 ERROR
r-patched-linux-x86_64 2.1.2 14.13 136.06 150.19 OK
r-patched-solaris-x86 2.1.2 280.30 OK
r-release-linux-x86_64 2.1.2 15.18 134.59 149.77 OK
r-release-macos-arm64 2.1.2 OK
r-release-macos-x86_64 2.1.2 OK
r-release-windows-ix86+x86_64 2.1.2 31.00 231.00 262.00 OK
r-oldrel-macos-x86_64 2.1.2 OK
r-oldrel-windows-ix86+x86_64 2.1.2 42.00 204.00 246.00 OK

Check Details

Version: 2.1.2
Check: package dependencies
Result: ERROR
    Package required but not available: 'SSN'
    
    See section 'The DESCRIPTION file' in the 'Writing R Extensions'
    manual.
Flavor: r-devel-windows-x86_64-gcc10-UCRT