CRAN Package Check Results for Package smnet

Last updated on 2021-04-19 03:49:29 CEST.

Flavor Version Tinstall Tcheck Ttotal Status Flags
r-devel-linux-x86_64-debian-clang 2.1.2 14.27 144.90 159.17 OK
r-devel-linux-x86_64-debian-gcc 2.1.2 13.55 108.80 122.35 OK
r-devel-linux-x86_64-fedora-clang 2.1.2 201.51 OK
r-devel-linux-x86_64-fedora-gcc 2.1.2 189.75 OK
r-devel-windows-ix86+x86_64 2.1.2 31.00 144.00 175.00 OK
r-devel-windows-x86_64-gcc10-UCRT 2.1.2 OK
r-patched-linux-x86_64 2.1.2 15.30 131.06 146.36 OK
r-patched-solaris-x86 2.1.2 284.10 OK
r-release-linux-x86_64 2.1.2 12.96 134.89 147.85 OK
r-release-macos-x86_64 2.1.2 OK
r-release-windows-ix86+x86_64 2.1.2 45.00 196.00 241.00 OK
r-oldrel-macos-x86_64 2.1.2 NOTE
r-oldrel-windows-ix86+x86_64 2.1.2 23.00 156.00 179.00 NOTE

Check Details

Version: 2.1.2
Check: R code for possible problems
Result: NOTE
    colour.key: no visible global function definition for ‘plot’
    Undefined global functions or variables:
     plot
    Consider adding
     importFrom("graphics", "plot")
    to your NAMESPACE file.
Flavors: r-oldrel-macos-x86_64, r-oldrel-windows-ix86+x86_64