Last updated on 2023-11-30 13:48:56 CET.
Flavor | Version | Tinstall | Tcheck | Ttotal | Status | Flags |
---|---|---|---|---|---|---|
r-devel-linux-x86_64-debian-clang | 2.0.0 | 6.60 | 34.27 | 40.87 | NOTE | |
r-devel-linux-x86_64-debian-gcc | 2.0.0 | 4.94 | 26.24 | 31.18 | NOTE | |
r-devel-linux-x86_64-fedora-clang | 2.0.0 | 51.18 | NOTE | |||
r-devel-linux-x86_64-fedora-gcc | 2.0.0 | 48.32 | NOTE | |||
r-devel-windows-x86_64 | 2.0.0 | 6.00 | 56.00 | 62.00 | NOTE | |
r-patched-linux-x86_64 | 2.0.0 | 6.39 | 34.46 | 40.85 | OK | |
r-release-linux-x86_64 | 2.0.0 | 4.81 | 33.52 | 38.33 | OK | |
r-release-macos-arm64 | 2.0.0 | 22.00 | OK | |||
r-release-macos-x86_64 | 2.0.0 | 27.00 | OK | |||
r-release-windows-x86_64 | 2.0.0 | 8.00 | 57.00 | 65.00 | OK | |
r-oldrel-macos-arm64 | 2.0.0 | 22.00 | OK | |||
r-oldrel-macos-x86_64 | 2.0.0 | 29.00 | OK | |||
r-oldrel-windows-x86_64 | 2.0.0 | 8.00 | 62.00 | 70.00 | OK |
Version: 2.0.0
Check: Rd contents
Result: NOTE
Auto-generated content requiring editing in Rd file 'smoke-package.Rd':
\details: ‘...the package, including the most important ~~ ~~ functions ~~’
Flavors: r-devel-linux-x86_64-debian-clang, r-devel-linux-x86_64-debian-gcc, r-devel-linux-x86_64-fedora-clang, r-devel-linux-x86_64-fedora-gcc, r-devel-windows-x86_64