CRAN Package Check Results for Package smoof

Last updated on 2019-05-26 13:46:49 CEST.

Flavor Version Tinstall Tcheck Ttotal Status Flags
r-devel-linux-x86_64-debian-clang 1.5.1 36.19 79.86 116.05 OK
r-devel-linux-x86_64-debian-gcc 1.5.1 26.86 60.28 87.14 OK
r-devel-linux-x86_64-fedora-clang 1.5.1 149.50 OK
r-devel-linux-x86_64-fedora-gcc 1.5.1 140.65 OK
r-devel-windows-ix86+x86_64 1.5.1 68.00 185.00 253.00 NOTE
r-patched-linux-x86_64 1.5.1 OK
r-patched-solaris-x86 1.5.1 174.80 OK
r-release-linux-x86_64 1.5.1 32.32 78.81 111.13 OK
r-release-windows-ix86+x86_64 1.5.1 111.00 123.00 234.00 NOTE
r-release-osx-x86_64 1.5.1 OK
r-oldrel-windows-ix86+x86_64 1.5.1 104.00 133.00 237.00 NOTE
r-oldrel-osx-x86_64 1.5.1 OK

Check Details

Version: 1.5.1
Check: package dependencies
Result: NOTE
    Package suggested but not available for checking: 'rPython'
Flavors: r-devel-windows-ix86+x86_64, r-release-windows-ix86+x86_64, r-oldrel-windows-ix86+x86_64