CRAN Package Check Results for Package smoof

Last updated on 2019-03-18 22:54:32 CET.

Flavor Version Tinstall Tcheck Ttotal Status Flags
r-devel-linux-x86_64-debian-clang 1.5.1 33.65 80.03 113.68 OK
r-devel-linux-x86_64-debian-gcc 1.5.1 27.24 59.54 86.78 OK
r-devel-linux-x86_64-fedora-clang 1.5.1 160.45 OK
r-devel-linux-x86_64-fedora-gcc 1.5.1 140.71 OK
r-devel-windows-ix86+x86_64 1.5.1 116.00 182.00 298.00 NOTE
r-patched-linux-x86_64 1.5.1 30.31 74.76 105.07 OK
r-patched-solaris-x86 1.5.1 165.20 OK
r-release-linux-x86_64 1.5.1 34.12 74.98 109.10 OK
r-release-windows-ix86+x86_64 1.5.1 67.00 119.00 186.00 NOTE
r-release-osx-x86_64 1.5.1 OK
r-oldrel-windows-ix86+x86_64 1.5.1 92.00 183.00 275.00 NOTE
r-oldrel-osx-x86_64 1.5.1 OK

Check Details

Version: 1.5.1
Check: package dependencies
Result: NOTE
    Package suggested but not available for checking: 'rPython'
Flavors: r-devel-windows-ix86+x86_64, r-release-windows-ix86+x86_64, r-oldrel-windows-ix86+x86_64