CRAN Package Check Results for Package smooth

Last updated on 2022-10-05 15:49:13 CEST.

Flavor Version Tinstall Tcheck Ttotal Status Flags
r-devel-linux-x86_64-debian-clang 3.1.6 215.69 563.88 779.57 OK
r-devel-linux-x86_64-debian-gcc 3.1.6 183.72 410.36 594.08 OK
r-devel-linux-x86_64-fedora-clang 3.1.6 1042.07 NOTE
r-devel-linux-x86_64-fedora-gcc 3.1.6 982.97 OK
r-devel-windows-x86_64 3.1.6 175.00 304.00 479.00 NOTE --no-vignettes
r-patched-linux-x86_64 3.1.6 144.51 506.90 651.41 OK
r-release-linux-x86_64 3.1.6 148.73 524.90 673.63 OK
r-release-macos-arm64 3.1.6 247.00 NOTE
r-release-macos-x86_64 3.1.6 316.00 NOTE
r-release-windows-x86_64 3.1.6 174.00 290.00 464.00 NOTE --no-vignettes
r-oldrel-macos-arm64 3.1.6 242.00 NOTE
r-oldrel-macos-x86_64 3.1.6 290.00 NOTE
r-oldrel-windows-ix86+x86_64 3.1.6 466.00 389.00 855.00 NOTE --no-vignettes

Check Details

Version: 3.1.6
Check: installed package size
Result: NOTE
     installed size is 6.0Mb
     sub-directories of 1Mb or more:
     R 1.2Mb
     doc 3.4Mb
Flavors: r-devel-linux-x86_64-fedora-clang, r-release-macos-arm64, r-release-macos-x86_64, r-oldrel-macos-arm64, r-oldrel-macos-x86_64

Version: 3.1.6
Flags: --no-vignettes
Check: package dependencies
Result: NOTE
    Package suggested but not available for checking: 'doMC'
Flavors: r-devel-windows-x86_64, r-release-windows-x86_64, r-oldrel-windows-ix86+x86_64

Version: 3.1.6
Flags: --no-vignettes
Check: installed package size
Result: NOTE
     installed size is 6.6Mb
     sub-directories of 1Mb or more:
     R 1.2Mb
     doc 3.4Mb
     libs 1.7Mb
Flavors: r-devel-windows-x86_64, r-release-windows-x86_64, r-oldrel-windows-ix86+x86_64