CRAN Package Check Results for Package smoothAPC

Last updated on 2024-02-27 13:49:35 CET.

Flavor Version Tinstall Tcheck Ttotal Status Flags
r-devel-linux-x86_64-debian-clang 0.3 9.30 125.64 134.94 NOTE
r-devel-linux-x86_64-debian-gcc 0.3 8.21 97.91 106.12 NOTE
r-devel-linux-x86_64-fedora-clang 0.3 168.32 NOTE
r-devel-linux-x86_64-fedora-gcc 0.3 165.37 NOTE
r-devel-windows-x86_64 0.3 11.00 111.00 122.00 NOTE
r-patched-linux-x86_64 0.3 8.32 123.47 131.79 NOTE
r-release-linux-x86_64 0.3 7.27 124.63 131.90 NOTE
r-release-macos-arm64 0.3 57.00 NOTE
r-release-macos-x86_64 0.3 87.00 NOTE
r-release-windows-x86_64 0.3 13.00 125.00 138.00 NOTE
r-oldrel-macos-arm64 0.3 68.00 NOTE
r-oldrel-windows-x86_64 0.3 14.00 130.00 144.00 NOTE

Check Details

Version: 0.3
Check: LazyData
Result: NOTE 'LazyData' is specified without a 'data' directory Flavors: r-devel-linux-x86_64-debian-clang, r-devel-linux-x86_64-debian-gcc, r-devel-linux-x86_64-fedora-clang, r-devel-linux-x86_64-fedora-gcc, r-devel-windows-x86_64, r-patched-linux-x86_64, r-release-linux-x86_64, r-release-macos-arm64, r-release-macos-x86_64, r-release-windows-x86_64, r-oldrel-macos-arm64, r-oldrel-windows-x86_64

Version: 0.3
Check: dependencies in R code
Result: NOTE Namespaces in Imports field not imported from: ‘compiler’ ‘lmtest’ All declared Imports should be used. Flavors: r-devel-linux-x86_64-fedora-clang, r-devel-linux-x86_64-fedora-gcc, r-oldrel-macos-arm64

Version: 0.3
Check: package dependencies
Result: NOTE Package suggested but not available for checking: ‘demography’ Flavor: r-release-macos-x86_64