CRAN Package Check Results for Package smoothROCtime

Last updated on 2024-03-01 13:54:37 CET.

Flavor Version Tinstall Tcheck Ttotal Status Flags
r-devel-linux-x86_64-debian-clang 0.1.0 6.54 79.56 86.10 NOTE
r-devel-linux-x86_64-debian-gcc 0.1.0 6.05 61.94 67.99 NOTE
r-devel-linux-x86_64-fedora-clang 0.1.0 110.65 NOTE
r-devel-linux-x86_64-fedora-gcc 0.1.0 104.97 NOTE
r-devel-windows-x86_64 0.1.0 8.00 88.00 96.00 NOTE
r-patched-linux-x86_64 0.1.0 11.81 82.54 94.35 NOTE
r-release-linux-x86_64 0.1.0 6.46 79.97 86.43 NOTE
r-release-macos-arm64 0.1.0 43.00 NOTE
r-release-macos-x86_64 0.1.0 69.00 NOTE
r-release-windows-x86_64 0.1.0 9.00 97.00 106.00 NOTE
r-oldrel-macos-arm64 0.1.0 38.00 NOTE
r-oldrel-windows-x86_64 0.1.0 10.00 102.00 112.00 NOTE

Check Details

Version: 0.1.0
Check: Rd files
Result: NOTE checkRd: (-1) funcen.Rd:14: Lost braces; missing escapes or markup? 14 | \item{bw}{method for computing the bandwidth matrix. Most of the methods included in the \code{\link{kde}} function can be used: Hpi, Hpi.diag, Hlscv, Hlscv.diag, Hbcv, Hbcv.diag, Hscv, Hscv.diag, Hucv and Hucv.diag. Other considered methods are naive.pdf (diag(N^{-1/5}, N^{-1/5})^2) and naive.cdf (diag(N^{-1/3}, N^{-1/3})^2), where N is the sample size.} | ^ checkRd: (-1) funcen.Rd:14: Lost braces; missing escapes or markup? 14 | \item{bw}{method for computing the bandwidth matrix. Most of the methods included in the \code{\link{kde}} function can be used: Hpi, Hpi.diag, Hlscv, Hlscv.diag, Hbcv, Hbcv.diag, Hscv, Hscv.diag, Hucv and Hucv.diag. Other considered methods are naive.pdf (diag(N^{-1/5}, N^{-1/5})^2) and naive.cdf (diag(N^{-1/3}, N^{-1/3})^2), where N is the sample size.} | ^ checkRd: (-1) funcen.Rd:14: Lost braces; missing escapes or markup? 14 | \item{bw}{method for computing the bandwidth matrix. Most of the methods included in the \code{\link{kde}} function can be used: Hpi, Hpi.diag, Hlscv, Hlscv.diag, Hbcv, Hbcv.diag, Hscv, Hscv.diag, Hucv and Hucv.diag. Other considered methods are naive.pdf (diag(N^{-1/5}, N^{-1/5})^2) and naive.cdf (diag(N^{-1/3}, N^{-1/3})^2), where N is the sample size.} | ^ checkRd: (-1) funcen.Rd:14: Lost braces; missing escapes or markup? 14 | \item{bw}{method for computing the bandwidth matrix. Most of the methods included in the \code{\link{kde}} function can be used: Hpi, Hpi.diag, Hlscv, Hlscv.diag, Hbcv, Hbcv.diag, Hscv, Hscv.diag, Hucv and Hucv.diag. Other considered methods are naive.pdf (diag(N^{-1/5}, N^{-1/5})^2) and naive.cdf (diag(N^{-1/3}, N^{-1/3})^2), where N is the sample size.} | ^ checkRd: (-1) smoothROCtime-package.Rd:12: Lost braces 12 | \item \code{\link{funcen}}: {Bivariate kernel density estimation of the joint density function of the \eqn{(marker, time-to-event)} variable.} | ^ checkRd: (-1) smoothROCtime-package.Rd:13: Lost braces; missing escapes or markup? 13 | \item \code{\link{stRoc}}: {Smooth estimations for Cumulative/Dynamic and Incident/Dynamic ROC curves.} | ^ checkRd: (-1) smoothROCtime-package.Rd:14: Lost braces; missing escapes or markup? 14 | \item \code{\link{plot.sROCt}}: {Plots of Cumulative/Dynamic and Incident/Dyanmic ROC curve estimations.} | ^ checkRd: (-1) stRoc.Rd:17: Lost braces; missing escapes or markup? 17 | \item{bw}{procedure for computing the bandwidth matrix. Most of the methods included at the \code{kde} function can be used: Hpi, Hpi.diag, Hlscv, Hlscv.diag, Hbcv, Hbcv.diag, Hscv, Hscv.diag, Hucv and Hucv.diag. Other considered methods are naive.pdf (diag(N^{-1/5}, N^{-1/5})^2) and naive.cdf (diag(N^{-1/3}, N^{-1/3})^2), where N is the sample size.} | ^ checkRd: (-1) stRoc.Rd:17: Lost braces; missing escapes or markup? 17 | \item{bw}{procedure for computing the bandwidth matrix. Most of the methods included at the \code{kde} function can be used: Hpi, Hpi.diag, Hlscv, Hlscv.diag, Hbcv, Hbcv.diag, Hscv, Hscv.diag, Hucv and Hucv.diag. Other considered methods are naive.pdf (diag(N^{-1/5}, N^{-1/5})^2) and naive.cdf (diag(N^{-1/3}, N^{-1/3})^2), where N is the sample size.} | ^ checkRd: (-1) stRoc.Rd:17: Lost braces; missing escapes or markup? 17 | \item{bw}{procedure for computing the bandwidth matrix. Most of the methods included at the \code{kde} function can be used: Hpi, Hpi.diag, Hlscv, Hlscv.diag, Hbcv, Hbcv.diag, Hscv, Hscv.diag, Hucv and Hucv.diag. Other considered methods are naive.pdf (diag(N^{-1/5}, N^{-1/5})^2) and naive.cdf (diag(N^{-1/3}, N^{-1/3})^2), where N is the sample size.} | ^ checkRd: (-1) stRoc.Rd:17: Lost braces; missing escapes or markup? 17 | \item{bw}{procedure for computing the bandwidth matrix. Most of the methods included at the \code{kde} function can be used: Hpi, Hpi.diag, Hlscv, Hlscv.diag, Hbcv, Hbcv.diag, Hscv, Hscv.diag, Hucv and Hucv.diag. Other considered methods are naive.pdf (diag(N^{-1/5}, N^{-1/5})^2) and naive.cdf (diag(N^{-1/3}, N^{-1/3})^2), where N is the sample size.} | ^ checkRd: (-1) stRoc.Rd:69: Lost braces; missing escapes or markup? 69 | \item {\code{time}} - {single point of time at which the estimation each the C/D ROC curve has been computed.} | ^ checkRd: (-1) stRoc.Rd:70: Lost braces; missing escapes or markup? 70 | \item {\code{obvt}} - {observed times for the individuals in the sample.} | ^ checkRd: (-1) stRoc.Rd:71: Lost braces; missing escapes or markup? 71 | \item {\code{p}} - {estimations of the probabilities computed and allocated to each subject.} | ^ Flavors: r-devel-linux-x86_64-debian-clang, r-devel-linux-x86_64-debian-gcc, r-devel-linux-x86_64-fedora-clang, r-devel-linux-x86_64-fedora-gcc

Version: 0.1.0
Check: LazyData
Result: NOTE 'LazyData' is specified without a 'data' directory Flavors: r-devel-linux-x86_64-debian-clang, r-devel-linux-x86_64-debian-gcc, r-devel-linux-x86_64-fedora-clang, r-devel-linux-x86_64-fedora-gcc, r-devel-windows-x86_64, r-patched-linux-x86_64, r-release-linux-x86_64, r-release-macos-arm64, r-release-macos-x86_64, r-release-windows-x86_64, r-oldrel-macos-arm64, r-oldrel-windows-x86_64