CRAN Package Check Results for Package smoothie

Last updated on 2022-12-10 01:51:29 CET.

Flavor Version Tinstall Tcheck Ttotal Status Flags
r-devel-linux-x86_64-debian-clang 1.0-3 2.39 27.77 30.16 NOTE
r-devel-linux-x86_64-debian-gcc 1.0-3 2.20 22.15 24.35 NOTE
r-devel-linux-x86_64-fedora-clang 1.0-3 48.52 NOTE
r-devel-linux-x86_64-fedora-gcc 1.0-3 46.08 NOTE
r-devel-windows-x86_64 1.0-3 9.00 65.00 74.00 NOTE
r-patched-linux-x86_64 1.0-3 2.08 25.55 27.63 OK
r-release-linux-x86_64 1.0-3 2.66 24.47 27.13 OK
r-release-macos-arm64 1.0-3 16.00 OK
r-release-macos-x86_64 1.0-3 22.00 OK
r-release-windows-x86_64 1.0-3 16.00 61.00 77.00 OK
r-oldrel-macos-arm64 1.0-3 19.00 OK
r-oldrel-macos-x86_64 1.0-3 22.00 OK
r-oldrel-windows-ix86+x86_64 1.0-3 6.00 49.00 55.00 OK

Check Details

Version: 1.0-3
Check: Rd files
Result: NOTE
    checkRd: (-1) hoods2dsmooth.Rd:69: Escaped LaTeX specials: \&
    checkRd: (-1) kernel2dmeitsjer.Rd:75: Escaped LaTeX specials: \&
    checkRd: (-1) kernel2dsmooth.Rd:42: Escaped LaTeX specials: \&
    checkRd: (-1) smoothie-package.Rd:42: Escaped LaTeX specials: \&
Flavors: r-devel-linux-x86_64-debian-clang, r-devel-linux-x86_64-debian-gcc, r-devel-linux-x86_64-fedora-clang, r-devel-linux-x86_64-fedora-gcc, r-devel-windows-x86_64