CRAN Package Check Results for Package smoothtail

Last updated on 2024-05-21 17:50:11 CEST.

Flavor Version Tinstall Tcheck Ttotal Status Flags
r-devel-linux-x86_64-debian-clang 2.0.5 7.01 64.82 71.83 NOTE
r-devel-linux-x86_64-debian-gcc 2.0.5 6.31 48.46 54.77 NOTE
r-devel-linux-x86_64-fedora-clang 2.0.5 89.30 NOTE
r-devel-linux-x86_64-fedora-gcc 2.0.5 89.35 NOTE
r-devel-windows-x86_64 2.0.5 7.00 65.00 72.00 NOTE
r-patched-linux-x86_64 2.0.5 9.43 62.27 71.70 NOTE
r-release-linux-x86_64 2.0.5 5.33 61.78 67.11 NOTE
r-release-macos-arm64 2.0.5 30.00 NOTE
r-release-windows-x86_64 2.0.5 8.00 67.00 75.00 NOTE
r-oldrel-macos-arm64 2.0.5 33.00 OK
r-oldrel-macos-x86_64 2.0.5 47.00 OK
r-oldrel-windows-x86_64 2.0.5 9.00 74.00 83.00 OK

Check Details

Version: 2.0.5
Check: Rd files
Result: NOTE checkRd: (-1) smoothtail-package.Rd:63: Lost braces 63 | Kaspar Ru{f}{i}bach (maintainer), \email{kaspar.rufibach@gmail.com} , \cr \url{http://www.kasparrufibach.ch} | ^ checkRd: (-1) smoothtail-package.Rd:63: Lost braces 63 | Kaspar Ru{f}{i}bach (maintainer), \email{kaspar.rufibach@gmail.com} , \cr \url{http://www.kasparrufibach.ch} | ^ Flavors: r-devel-linux-x86_64-debian-clang, r-devel-linux-x86_64-debian-gcc, r-devel-linux-x86_64-fedora-clang, r-devel-linux-x86_64-fedora-gcc, r-devel-windows-x86_64, r-patched-linux-x86_64, r-release-linux-x86_64, r-release-macos-arm64, r-release-windows-x86_64