CRAN Package Check Results for Package smpic

Last updated on 2020-08-05 21:49:14 CEST.

Flavor Version Tinstall Tcheck Ttotal Status Flags
r-devel-linux-x86_64-debian-clang 0.1.0 2.10 35.98 38.08 NOTE
r-devel-linux-x86_64-debian-gcc 0.1.0 1.74 27.66 29.40 NOTE
r-devel-linux-x86_64-fedora-clang 0.1.0 56.25 NOTE
r-devel-linux-x86_64-fedora-gcc 0.1.0 46.32 NOTE
r-devel-windows-ix86+x86_64 0.1.0 10.00 66.00 76.00 OK
r-patched-linux-x86_64 0.1.0 1.80 34.69 36.49 NOTE
r-patched-solaris-x86 0.1.0 77.70 NOTE
r-release-linux-x86_64 0.1.0 1.71 35.28 36.99 NOTE
r-release-macos-x86_64 0.1.0 OK
r-release-windows-ix86+x86_64 0.1.0 13.00 47.00 60.00 OK
r-oldrel-macos-x86_64 0.1.0 OK
r-oldrel-windows-ix86+x86_64 0.1.0 4.00 44.00 48.00 OK

Check Details

Version: 0.1.0
Check: for non-standard things in the check directory
Result: NOTE
    Found the following files/directories:
     'my_new_social_media_plot.png'
Flavors: r-devel-linux-x86_64-debian-clang, r-devel-linux-x86_64-debian-gcc, r-devel-linux-x86_64-fedora-clang, r-devel-linux-x86_64-fedora-gcc, r-patched-linux-x86_64, r-patched-solaris-x86, r-release-linux-x86_64